CRAN Package Check Results for Package StackImpute

Last updated on 2021-11-30 19:51:38 CET.

Flavor Version Tinstall Tcheck Ttotal Status Flags
r-devel-linux-x86_64-debian-clang 0.1.0 11.67 36.38 48.05 OK
r-devel-linux-x86_64-debian-gcc 0.1.0 11.19 29.35 40.54 OK
r-devel-linux-x86_64-fedora-clang 0.1.0 72.55 NOTE
r-devel-linux-x86_64-fedora-gcc 0.1.0 61.08 NOTE
r-devel-windows-x86_64-new-UL 0.1.0 22.00 79.00 101.00 OK
r-devel-windows-x86_64-new-TK 0.1.0 NOTE
r-devel-windows-x86_64-old 0.1.0 18.00 49.00 67.00 OK
r-patched-linux-x86_64 0.1.0 11.25 34.49 45.74 OK
r-patched-solaris-x86 0.1.0 108.70 NOTE
r-release-linux-x86_64 0.1.0 12.20 34.90 47.10 OK
r-release-macos-arm64 0.1.0 NOTE
r-release-macos-x86_64 0.1.0 NOTE
r-release-windows-ix86+x86_64 0.1.0 18.00 57.00 75.00 OK
r-oldrel-macos-x86_64 0.1.0 NOTE
r-oldrel-windows-ix86+x86_64 0.1.0 16.00 41.00 57.00 OK

Check Details

Version: 0.1.0
Check: dependencies in R code
Result: NOTE
    Namespaces in Imports field not imported from:
     ‘MASS’ ‘mice’ ‘sandwich’ ‘zoo’
     All declared Imports should be used.
Flavors: r-devel-linux-x86_64-fedora-clang, r-devel-linux-x86_64-fedora-gcc, r-devel-windows-x86_64-new-TK, r-patched-solaris-x86, r-release-macos-arm64, r-release-macos-x86_64, r-oldrel-macos-x86_64