CRAN Package Check Results for Package Storm

Last updated on 2022-05-27 21:51:34 CEST.

Flavor Version Tinstall Tcheck Ttotal Status Flags
r-devel-linux-x86_64-debian-clang 1.2 2.36 33.47 35.83 NOTE
r-devel-linux-x86_64-debian-gcc 1.2 2.28 26.42 28.70 NOTE
r-devel-linux-x86_64-fedora-clang 1.2 44.60 NOTE
r-devel-linux-x86_64-fedora-gcc 1.2 43.69 NOTE
r-devel-windows-x86_64 1.2 12.00 50.00 62.00 NOTE
r-patched-linux-x86_64 1.2 3.49 32.19 35.68 NOTE
r-release-linux-x86_64 1.2 2.58 33.19 35.77 NOTE
r-release-macos-arm64 1.2 18.00 NOTE
r-release-macos-x86_64 1.2 21.00 NOTE
r-release-windows-x86_64 1.2 14.00 50.00 64.00 NOTE
r-oldrel-macos-arm64 1.2 23.00 NOTE
r-oldrel-macos-x86_64 1.2 27.00 NOTE
r-oldrel-windows-ix86+x86_64 1.2 10.00 44.00 54.00 NOTE

Check Details

Version: 1.2
Check: DESCRIPTION meta-information
Result: NOTE
    Malformed Title field: should not end in a period.
Flavors: r-devel-linux-x86_64-debian-clang, r-devel-linux-x86_64-debian-gcc, r-devel-linux-x86_64-fedora-clang, r-devel-linux-x86_64-fedora-gcc, r-devel-windows-x86_64, r-patched-linux-x86_64, r-release-linux-x86_64, r-release-macos-arm64, r-release-macos-x86_64, r-release-windows-x86_64, r-oldrel-macos-arm64, r-oldrel-macos-x86_64, r-oldrel-windows-ix86+x86_64