CRAN Package Check Results for Package StratSel

Last updated on 2021-12-05 19:49:42 CET.

Flavor Version Tinstall Tcheck Ttotal Status Flags
r-devel-linux-x86_64-debian-clang 1.3 6.80 67.86 74.66 ERROR
r-devel-linux-x86_64-debian-gcc 1.3 5.89 50.98 56.87 ERROR
r-devel-linux-x86_64-fedora-clang 1.3 95.23 ERROR
r-devel-linux-x86_64-fedora-gcc 1.3 82.26 ERROR
r-devel-windows-x86_64-new-UL 1.3 15.00 98.00 113.00 OK
r-devel-windows-x86_64-new-TK 1.3 ERROR
r-devel-windows-x86_64-old 1.3 12.00 65.00 77.00 OK
r-patched-linux-x86_64 1.3 10.07 56.74 66.81 OK
r-release-linux-x86_64 1.3 5.97 65.23 71.20 OK
r-release-macos-arm64 1.3 OK
r-release-macos-x86_64 1.3 OK
r-release-windows-ix86+x86_64 1.3 16.00 82.00 98.00 OK
r-oldrel-macos-x86_64 1.3 OK
r-oldrel-windows-ix86+x86_64 1.3 16.00 83.00 99.00 OK

Check Details

Version: 1.3
Check: examples
Result: ERROR
    Running examples in 'StratSel-Ex.R' failed
    The error most likely occurred in:
    
    > base::assign(".ptime", proc.time(), pos = "CheckExEnv")
    > ### Name: getSummary
    > ### Title: getSummary Method for extending mtable()
    > ### Aliases: getSummary.StratSel
    > ### Keywords: LaTeX Make tables
    >
    > ### ** Examples
    >
    > data(data.fake)
    > out1 <- StratSel(Y ~ var.A | var.D | var.E , data=data.fake, corr=FALSE)
    > out2 <- StratSel(Y ~ var.A | var.C | var.E, data=data.fake, corr=FALSE)
    > mtable(out1,out2)
    Error: C stack usage 15940768 is too close to the limit
    Execution halted
Flavor: r-devel-linux-x86_64-debian-clang

Version: 1.3
Check: examples
Result: ERROR
    Running examples in ‘StratSel-Ex.R’ failed
    The error most likely occurred in:
    
    > base::assign(".ptime", proc.time(), pos = "CheckExEnv")
    > ### Name: getSummary
    > ### Title: getSummary Method for extending mtable()
    > ### Aliases: getSummary.StratSel
    > ### Keywords: LaTeX Make tables
    >
    > ### ** Examples
    >
    > data(data.fake)
    > out1 <- StratSel(Y ~ var.A | var.D | var.E , data=data.fake, corr=FALSE)
    > out2 <- StratSel(Y ~ var.A | var.C | var.E, data=data.fake, corr=FALSE)
    > mtable(out1,out2)
    Error: C stack usage 15939216 is too close to the limit
    Execution halted
Flavor: r-devel-linux-x86_64-debian-gcc

Version: 1.3
Check: examples
Result: ERROR
    Running examples in ‘StratSel-Ex.R’ failed
    The error most likely occurred in:
    
    > ### Name: getSummary
    > ### Title: getSummary Method for extending mtable()
    > ### Aliases: getSummary.StratSel
    > ### Keywords: LaTeX Make tables
    >
    > ### ** Examples
    >
    > data(data.fake)
    > out1 <- StratSel(Y ~ var.A | var.D | var.E , data=data.fake, corr=FALSE)
    > out2 <- StratSel(Y ~ var.A | var.C | var.E, data=data.fake, corr=FALSE)
    > mtable(out1,out2)
    Error: C stack usage 19927056 is too close to the limit
    Execution halted
Flavor: r-devel-linux-x86_64-fedora-clang

Version: 1.3
Check: examples
Result: ERROR
    Running examples in ‘StratSel-Ex.R’ failed
    The error most likely occurred in:
    
    > ### Name: getSummary
    > ### Title: getSummary Method for extending mtable()
    > ### Aliases: getSummary.StratSel
    > ### Keywords: LaTeX Make tables
    >
    > ### ** Examples
    >
    > data(data.fake)
    > out1 <- StratSel(Y ~ var.A | var.D | var.E , data=data.fake, corr=FALSE)
    > out2 <- StratSel(Y ~ var.A | var.C | var.E, data=data.fake, corr=FALSE)
    > mtable(out1,out2)
    Error: C stack usage 19928308 is too close to the limit
    Execution halted
Flavor: r-devel-linux-x86_64-fedora-gcc

Version: 1.3
Check: examples
Result: ERROR
    Running examples in 'StratSel-Ex.R' failed
    The error most likely occurred in:
    
    > ### Name: getSummary
    > ### Title: getSummary Method for extending mtable()
    > ### Aliases: getSummary.StratSel
    > ### Keywords: LaTeX Make tables
    >
    > ### ** Examples
    >
    > data(data.fake)
    > out1 <- StratSel(Y ~ var.A | var.D | var.E , data=data.fake, corr=FALSE)
    > out2 <- StratSel(Y ~ var.A | var.C | var.E, data=data.fake, corr=FALSE)
    > mtable(out1,out2)
    Error: evaluation nested too deeply: infinite recursion / options(expressions=)?
    Execution halted
Flavor: r-devel-windows-x86_64-new-TK