CRAN Package Check Results for Package StratifiedMedicine

Last updated on 2021-12-03 19:50:28 CET.

Flavor Version Tinstall Tcheck Ttotal Status Flags
r-devel-linux-x86_64-debian-clang 1.0.4 14.71 359.23 373.94 OK
r-devel-linux-x86_64-debian-gcc 1.0.4 11.49 278.46 289.95 OK
r-devel-linux-x86_64-fedora-clang 1.0.4 445.71 NOTE
r-devel-linux-x86_64-fedora-gcc 1.0.4 414.56 OK
r-devel-windows-x86_64-new-UL 1.0.4 28.00 236.00 264.00 NOTE
r-devel-windows-x86_64-new-TK 1.0.4 OK
r-devel-windows-x86_64-old 1.0.4 24.00 164.00 188.00 NOTE
r-patched-linux-x86_64 1.0.4 15.72 336.62 352.34 OK
r-release-linux-x86_64 1.0.4 14.47 332.74 347.21 OK
r-release-macos-arm64 1.0.4 NOTE
r-release-macos-x86_64 1.0.4 NOTE
r-release-windows-ix86+x86_64 1.0.4 31.00 213.00 244.00 NOTE
r-oldrel-macos-x86_64 1.0.4 NOTE
r-oldrel-windows-ix86+x86_64 1.0.4 30.00 214.00 244.00 NOTE

Check Details

Version: 1.0.4
Check: installed package size
Result: NOTE
     installed size is 5.6Mb
     sub-directories of 1Mb or more:
     doc 4.9Mb
Flavors: r-devel-linux-x86_64-fedora-clang, r-devel-windows-x86_64-new-UL, r-devel-windows-x86_64-old, r-release-macos-arm64, r-release-macos-x86_64, r-release-windows-ix86+x86_64, r-oldrel-macos-x86_64, r-oldrel-windows-ix86+x86_64