CRAN Package Check Results for Package SubpathwayGMir

Last updated on 2021-04-20 21:51:56 CEST.

Flavor Version Tinstall Tcheck Ttotal Status Flags
r-devel-linux-x86_64-debian-clang 1.0 8.82 127.16 135.98 NOTE
r-devel-linux-x86_64-debian-gcc 1.0 9.14 112.49 121.63 NOTE
r-devel-linux-x86_64-fedora-clang 1.0 192.90 NOTE
r-devel-linux-x86_64-fedora-gcc 1.0 179.00 NOTE
r-devel-windows-ix86+x86_64 1.0 16.00 148.00 164.00 NOTE
r-devel-windows-x86_64-gcc10-UCRT 1.0 NOTE
r-patched-linux-x86_64 1.0 11.82 139.55 151.37 NOTE
r-patched-solaris-x86 1.0 311.80 NOTE
r-release-linux-x86_64 1.0 9.42 141.82 151.24 NOTE
r-release-macos-x86_64 1.0 NOTE
r-release-windows-ix86+x86_64 1.0 15.00 159.00 174.00 NOTE
r-oldrel-macos-x86_64 1.0 NOTE
r-oldrel-windows-ix86+x86_64 1.0 14.00 189.00 203.00 NOTE

Check Details

Version: 1.0
Check: R code for possible problems
Result: NOTE
    identifyGraph: no visible global function definition for 'phyper'
    mytriangle: no visible global function definition for 'symbols'
    plotGraph: no visible global function definition for 'par'
    updateOrgEnvir: no visible global function definition for 'read.table'
    Undefined global functions or variables:
     par phyper read.table symbols
    Consider adding
     importFrom("graphics", "par", "symbols")
     importFrom("stats", "phyper")
     importFrom("utils", "read.table")
    to your NAMESPACE file.
Flavors: r-devel-linux-x86_64-debian-clang, r-devel-linux-x86_64-debian-gcc, r-devel-linux-x86_64-fedora-clang, r-devel-linux-x86_64-fedora-gcc, r-devel-windows-ix86+x86_64, r-devel-windows-x86_64-gcc10-UCRT, r-patched-linux-x86_64, r-patched-solaris-x86, r-release-linux-x86_64, r-release-macos-x86_64, r-release-windows-ix86+x86_64

Version: 1.0
Check: R code for possible problems
Result: NOTE
    identifyGraph: no visible global function definition for ‘phyper’
    mytriangle: no visible global function definition for ‘symbols’
    plotGraph: no visible global function definition for ‘par’
    plotGraph: no visible global function definition for ‘plot’
    updateOrgEnvir: no visible global function definition for ‘read.table’
    Undefined global functions or variables:
     par phyper plot read.table symbols
    Consider adding
     importFrom("graphics", "par", "plot", "symbols")
     importFrom("stats", "phyper")
     importFrom("utils", "read.table")
    to your NAMESPACE file.
Flavors: r-oldrel-macos-x86_64, r-oldrel-windows-ix86+x86_64