Last updated on 2023-01-29 19:54:19 CET.
Flavor | Version | Tinstall | Tcheck | Ttotal | Status | Flags |
---|---|---|---|---|---|---|
r-devel-linux-x86_64-debian-clang | 1.0.2 | 29.08 | 273.36 | 302.44 | NOTE | |
r-devel-linux-x86_64-debian-gcc | 1.0.2 | 24.11 | 202.87 | 226.98 | NOTE | |
r-devel-linux-x86_64-fedora-clang | 1.0.2 | 388.27 | NOTE | |||
r-devel-linux-x86_64-fedora-gcc | 1.0.2 | 386.63 | NOTE | |||
r-devel-windows-x86_64 | 1.0.2 | 31.00 | 283.00 | 314.00 | NOTE | |
r-patched-linux-x86_64 | 1.0.2 | 29.34 | 269.37 | 298.71 | NOTE | |
r-release-linux-x86_64 | 1.0.2 | 21.05 | 273.38 | 294.43 | NOTE | |
r-release-macos-arm64 | 1.0.2 | 73.00 | NOTE | |||
r-release-macos-x86_64 | 1.0.2 | 104.00 | NOTE | |||
r-release-windows-x86_64 | 1.0.2 | 38.00 | 272.00 | 310.00 | NOTE | |
r-oldrel-macos-arm64 | 1.0.2 | 40.00 | NOTE | |||
r-oldrel-macos-x86_64 | 1.0.2 | 70.00 | NOTE | |||
r-oldrel-windows-ix86+x86_64 | 1.0.2 | 65.00 | 267.00 | 332.00 | NOTE |
Version: 1.0.2
Check: LazyData
Result: NOTE
'LazyData' is specified without a 'data' directory
Flavors: r-devel-linux-x86_64-debian-clang, r-devel-linux-x86_64-debian-gcc, r-devel-linux-x86_64-fedora-clang, r-devel-linux-x86_64-fedora-gcc, r-devel-windows-x86_64, r-patched-linux-x86_64, r-release-linux-x86_64, r-release-macos-arm64, r-release-macos-x86_64, r-release-windows-x86_64, r-oldrel-macos-arm64, r-oldrel-macos-x86_64, r-oldrel-windows-ix86+x86_64