CRAN Package Check Results for Package SurvHiDim

Last updated on 2024-02-22 19:55:46 CET.

Flavor Version Tinstall Tcheck Ttotal Status Flags
r-devel-linux-x86_64-debian-clang 0.1.1 OK
r-devel-linux-x86_64-debian-gcc 0.1.1 11.56 90.36 101.92 OK
r-devel-linux-x86_64-fedora-clang 0.1.1 160.70 NOTE
r-devel-linux-x86_64-fedora-gcc 0.1.1 155.48 NOTE
r-devel-windows-x86_64 0.1.1 13.00 109.00 122.00 OK
r-patched-linux-x86_64 0.1.1 12.72 118.00 130.72 OK
r-release-linux-x86_64 0.1.1 10.97 114.86 125.83 OK
r-release-macos-arm64 0.1.1 57.00 OK
r-release-macos-x86_64 0.1.1 82.00 OK
r-release-windows-x86_64 0.1.1 18.00 123.00 141.00 OK
r-oldrel-macos-arm64 0.1.1 57.00 NOTE
r-oldrel-windows-x86_64 0.1.1 19.00 125.00 144.00 OK

Check Details

Version: 0.1.1
Check: dependencies in R code
Result: NOTE Namespace in Imports field not imported from: ‘readr’ All declared Imports should be used. Flavors: r-devel-linux-x86_64-fedora-clang, r-devel-linux-x86_64-fedora-gcc, r-oldrel-macos-arm64