CRAN Package Check Results for Package SurviMChd

Last updated on 2021-12-06 19:50:54 CET.

Flavor Version Tinstall Tcheck Ttotal Status Flags
r-devel-linux-x86_64-debian-clang 0.1.1 10.60 96.96 107.56 OK
r-devel-linux-x86_64-debian-gcc 0.1.1 8.87 73.23 82.10 OK
r-devel-linux-x86_64-fedora-clang 0.1.1 139.49 NOTE
r-devel-linux-x86_64-fedora-gcc 0.1.1 123.71 NOTE
r-devel-windows-x86_64-new-UL 0.1.1 22.00 127.00 149.00 OK
r-devel-windows-x86_64-new-TK 0.1.1 NOTE
r-devel-windows-x86_64-old 0.1.1 20.00 81.00 101.00 OK
r-patched-linux-x86_64 0.1.1 10.28 82.63 92.91 OK
r-release-linux-x86_64 0.1.1 9.52 91.14 100.66 OK
r-release-macos-arm64 0.1.1 NOTE
r-release-macos-x86_64 0.1.1 NOTE
r-release-windows-ix86+x86_64 0.1.1 27.00 112.00 139.00 OK
r-oldrel-macos-x86_64 0.1.1 NOTE
r-oldrel-windows-ix86+x86_64 0.1.1 27.00 111.00 138.00 OK

Check Details

Version: 0.1.1
Check: dependencies in R code
Result: NOTE
    Namespaces in Imports field not imported from:
     ‘Rdpack’ ‘readr’ ‘rlang’ ‘survival’ ‘tidyverse’ ‘utils’
     All declared Imports should be used.
Flavors: r-devel-linux-x86_64-fedora-clang, r-devel-linux-x86_64-fedora-gcc, r-devel-windows-x86_64-new-TK, r-release-macos-arm64, r-release-macos-x86_64, r-oldrel-macos-x86_64