Last updated on 2022-05-27 21:51:35 CEST.
Flavor | Version | Tinstall | Tcheck | Ttotal | Status | Flags |
---|---|---|---|---|---|---|
r-devel-linux-x86_64-debian-clang | 5.0 | 4.18 | 42.92 | 47.10 | NOTE | |
r-devel-linux-x86_64-debian-gcc | 5.2 | 3.38 | 33.41 | 36.79 | OK | |
r-devel-linux-x86_64-fedora-clang | 5.2 | 61.07 | OK | |||
r-devel-linux-x86_64-fedora-gcc | 5.2 | 58.00 | OK | |||
r-devel-windows-x86_64 | 5.2 | 15.00 | 66.00 | 81.00 | OK | |
r-patched-linux-x86_64 | 5.0 | 4.87 | 40.52 | 45.39 | NOTE | |
r-release-linux-x86_64 | 5.2 | 3.84 | 42.52 | 46.36 | OK | |
r-release-macos-arm64 | 5.2 | 22.00 | OK | |||
r-release-macos-x86_64 | 5.2 | 26.00 | OK | |||
r-release-windows-x86_64 | 5.2 | 12.00 | 64.00 | 76.00 | OK | |
r-oldrel-macos-arm64 | 5.2 | 19.00 | OK | |||
r-oldrel-macos-x86_64 | 5.2 | 29.00 | OK | |||
r-oldrel-windows-ix86+x86_64 | 5.2 | 9.00 | 53.00 | 62.00 | OK |
Version: 5.0
Check: R code for possible problems
Result: NOTE
BootTree: no visible global function definition for 'hclust'
BootTree: no visible global function definition for 'dist'
BootTree: no visible global function definition for 'as.dist'
BootTree: no visible global function definition for 'cor'
BootTree: no visible binding for global variable 'var'
Pgpd: no visible global function definition for 'optim'
Pgpd : <anonymous>: no visible global function definition for 'optim'
Pgpd: no visible global function definition for 'var'
Pgpd: no visible global function definition for 'rnorm'
Pgpd: no visible global function definition for 'quantile'
Pvalue: no visible global function definition for 'rnorm'
SigTree: no visible global function definition for 'data'
TreeStat: no visible global function definition for 'hclust'
TreeStat: no visible global function definition for 'as.dist'
TreeStat: no visible global function definition for 'dist'
TreeStat: no visible global function definition for 'cor'
plot.best: no visible global function definition for 'hclust'
plot.best: no visible global function definition for 'as.dist'
plot.best: no visible global function definition for 'dist'
plot.best: no visible global function definition for 'cor'
treetext: no visible global function definition for 'par'
treetext: no visible global function definition for 'text'
Undefined global functions or variables:
as.dist cor data dist hclust optim par quantile rnorm text var
Consider adding
importFrom("graphics", "par", "text")
importFrom("stats", "as.dist", "cor", "dist", "hclust", "optim",
"quantile", "rnorm", "var")
importFrom("utils", "data")
to your NAMESPACE file.
Flavors: r-devel-linux-x86_64-debian-clang, r-patched-linux-x86_64