CRAN Package Check Results for Package TDAkit

Last updated on 2024-02-28 19:49:50 CET.

Flavor Version Tinstall Tcheck Ttotal Status Flags
r-devel-linux-x86_64-debian-clang 0.1.2 68.86 195.81 264.67 NOTE
r-devel-linux-x86_64-debian-gcc 0.1.2 56.79 147.75 204.54 NOTE
r-devel-linux-x86_64-fedora-clang 0.1.2 355.74 NOTE
r-devel-linux-x86_64-fedora-gcc 0.1.2 343.09 NOTE
r-devel-windows-x86_64 0.1.2 60.00 165.00 225.00 NOTE
r-patched-linux-x86_64 0.1.2 63.42 191.87 255.29 NOTE
r-release-linux-x86_64 0.1.2 70.13 191.02 261.15 NOTE
r-release-macos-arm64 0.1.2 91.00 NOTE
r-release-macos-x86_64 0.1.2 158.00 NOTE
r-release-windows-x86_64 0.1.2 77.00 215.00 292.00 NOTE
r-oldrel-macos-arm64 0.1.2 81.00 OK
r-oldrel-windows-x86_64 0.1.2 79.00 317.00 396.00 OK

Check Details

Version: 0.1.2
Check: C++ specification
Result: NOTE Specified C++11: please drop specification unless essential Flavors: r-devel-linux-x86_64-debian-clang, r-devel-linux-x86_64-debian-gcc, r-devel-linux-x86_64-fedora-clang, r-devel-linux-x86_64-fedora-gcc, r-devel-windows-x86_64, r-patched-linux-x86_64, r-release-linux-x86_64, r-release-macos-arm64, r-release-macos-x86_64, r-release-windows-x86_64

Version: 0.1.2
Check: Rd cross-references
Result: NOTE Undeclared package ‘Rtsne’ in Rd xrefs Flavor: r-devel-linux-x86_64-fedora-clang