Last updated on 2022-05-28 21:50:53 CEST.
Flavor | Version | Tinstall | Tcheck | Ttotal | Status | Flags |
---|---|---|---|---|---|---|
r-devel-linux-x86_64-debian-clang | 1.0 | 2.06 | 31.07 | 33.13 | NOTE | |
r-devel-linux-x86_64-debian-gcc | 1.0 | 1.47 | 23.94 | 25.41 | NOTE | |
r-devel-linux-x86_64-fedora-clang | 1.0 | 39.94 | NOTE | |||
r-devel-linux-x86_64-fedora-gcc | 1.0 | 38.77 | NOTE | |||
r-devel-windows-x86_64 | 1.0 | 10.00 | 45.00 | 55.00 | NOTE | |
r-patched-linux-x86_64 | 1.0 | 2.13 | 29.08 | 31.21 | NOTE | |
r-release-linux-x86_64 | 1.0 | 2.07 | 28.96 | 31.03 | NOTE | |
r-release-macos-arm64 | 1.0 | 14.00 | NOTE | |||
r-release-macos-x86_64 | 1.0 | 20.00 | NOTE | |||
r-release-windows-x86_64 | 1.0 | 13.00 | 46.00 | 59.00 | NOTE | |
r-oldrel-macos-arm64 | 1.0 | 18.00 | NOTE | |||
r-oldrel-macos-x86_64 | 1.0 | 22.00 | NOTE | |||
r-oldrel-windows-ix86+x86_64 | 1.0 | 5.00 | 43.00 | 48.00 | NOTE |
Version: 1.0
Check: R code for possible problems
Result: NOTE
cluster_cutoff_at_first_empty_bin: no visible global function
definition for 'hist'
mapper1D: no visible global function definition for 'dist'
mapper1D: no visible global function definition for 'as.dist'
mapper1D: no visible global function definition for 'hclust'
mapper1D: no visible global function definition for 'cutree'
mapper2D: no visible global function definition for 'dist'
mapper2D: no visible global function definition for 'as.dist'
mapper2D: no visible global function definition for 'hclust'
mapper2D: no visible global function definition for 'cutree'
Undefined global functions or variables:
as.dist cutree dist hclust hist
Consider adding
importFrom("graphics", "hist")
importFrom("stats", "as.dist", "cutree", "dist", "hclust")
to your NAMESPACE file.
Flavors: r-devel-linux-x86_64-debian-clang, r-devel-linux-x86_64-debian-gcc, r-devel-linux-x86_64-fedora-clang, r-devel-linux-x86_64-fedora-gcc, r-devel-windows-x86_64, r-patched-linux-x86_64, r-release-linux-x86_64, r-release-macos-arm64, r-release-macos-x86_64, r-release-windows-x86_64, r-oldrel-macos-arm64, r-oldrel-macos-x86_64, r-oldrel-windows-ix86+x86_64
Version: 1.0
Check: LazyData
Result: NOTE
'LazyData' is specified without a 'data' directory
Flavors: r-devel-linux-x86_64-debian-clang, r-devel-linux-x86_64-debian-gcc, r-devel-linux-x86_64-fedora-clang, r-devel-linux-x86_64-fedora-gcc, r-devel-windows-x86_64, r-patched-linux-x86_64, r-release-linux-x86_64, r-release-macos-arm64, r-release-macos-x86_64, r-release-windows-x86_64, r-oldrel-macos-arm64, r-oldrel-macos-x86_64, r-oldrel-windows-ix86+x86_64