Last updated on 2021-02-25 19:46:49 CET.
Flavor | Version | Tinstall | Tcheck | Ttotal | Status | Flags |
---|---|---|---|---|---|---|
r-devel-linux-x86_64-debian-clang | 2.1.0 | 27.82 | 134.48 | 162.30 | NOTE | |
r-devel-linux-x86_64-debian-gcc | 2.1.0 | 18.48 | 101.99 | 120.47 | NOTE | |
r-devel-linux-x86_64-fedora-clang | 2.1.0 | 207.62 | NOTE | |||
r-devel-linux-x86_64-fedora-gcc | 2.1.0 | 190.41 | NOTE | |||
r-devel-windows-ix86+x86_64 | 2.1.0 | 40.00 | 180.00 | 220.00 | OK | |
r-patched-linux-x86_64 | 2.1.0 | 19.60 | 131.16 | 150.76 | NOTE | |
r-patched-solaris-x86 | 2.1.0 | 256.50 | NOTE | |||
r-release-linux-x86_64 | 2.1.0 | 19.64 | 132.28 | 151.92 | NOTE | |
r-release-macos-x86_64 | 2.1.0 | OK | ||||
r-release-windows-ix86+x86_64 | 2.1.0 | 58.00 | 216.00 | 274.00 | OK | |
r-oldrel-macos-x86_64 | 2.1.0 | OK | ||||
r-oldrel-windows-ix86+x86_64 | 2.1.0 | 38.00 | 208.00 | 246.00 | OK |
Version: 2.1.0
Check: for non-standard things in the check directory
Result: NOTE
Found the following files/directories:
'ExtinctionRateChanges.txt' 'ExtinctionRates.txt'
'MassExtinctionTimes.txt' 'SpeciationRateChanges.txt'
'SpeciationRates.txt' 'SurvivalProbabilities.txt' 'analysis_conifer'
'input_tree.tre' 'run_1' 'run_2' 'samples_numCategories.txt'
Flavors: r-devel-linux-x86_64-debian-clang, r-devel-linux-x86_64-debian-gcc, r-devel-linux-x86_64-fedora-clang, r-devel-linux-x86_64-fedora-gcc, r-patched-linux-x86_64, r-patched-solaris-x86, r-release-linux-x86_64
Version: 2.1.0
Check: compiled code
Result: NOTE
File ‘TESS/libs/TESS.so’:
Found no calls to: ‘R_registerRoutines’, ‘R_useDynamicSymbols’
It is good practice to register native routines and to disable symbol
search.
See ‘Writing portable packages’ in the ‘Writing R Extensions’ manual.
Flavors: r-devel-linux-x86_64-fedora-clang, r-devel-linux-x86_64-fedora-gcc