CRAN Package Check Results for Package TGS

Last updated on 2022-05-27 21:51:35 CEST.

Flavor Version Tinstall Tcheck Ttotal Status Flags
r-devel-linux-x86_64-debian-clang 1.0.1 4.65 44.06 48.71 NOTE
r-devel-linux-x86_64-debian-gcc 1.0.1 3.63 33.99 37.62 NOTE
r-devel-linux-x86_64-fedora-clang 1.0.1 59.02 NOTE
r-devel-linux-x86_64-fedora-gcc 1.0.1 56.31 NOTE
r-devel-windows-x86_64 1.0.1 21.00 65.00 86.00 NOTE
r-patched-linux-x86_64 1.0.1 4.77 42.48 47.25 NOTE
r-release-linux-x86_64 1.0.1 5.07 43.33 48.40 NOTE
r-release-macos-arm64 1.0.1 21.00 NOTE
r-release-macos-x86_64 1.0.1 26.00 NOTE
r-release-windows-x86_64 1.0.1 22.00 68.00 90.00 NOTE
r-oldrel-macos-arm64 1.0.1 25.00 NOTE
r-oldrel-macos-x86_64 1.0.1 33.00 NOTE
r-oldrel-windows-ix86+x86_64 1.0.1 9.00 64.00 73.00 NOTE

Check Details

Version: 1.0.1
Check: LazyData
Result: NOTE
     'LazyData' is specified without a 'data' directory
Flavors: r-devel-linux-x86_64-debian-clang, r-devel-linux-x86_64-debian-gcc, r-devel-linux-x86_64-fedora-clang, r-devel-linux-x86_64-fedora-gcc, r-devel-windows-x86_64, r-patched-linux-x86_64, r-release-linux-x86_64, r-release-macos-arm64, r-release-macos-x86_64, r-release-windows-x86_64, r-oldrel-macos-arm64, r-oldrel-macos-x86_64, r-oldrel-windows-ix86+x86_64

Version: 1.0.1
Check: dependencies in R code
Result: NOTE
    Namespace in Imports field not imported from: ‘ggm’
     All declared Imports should be used.
Flavors: r-devel-linux-x86_64-fedora-clang, r-devel-linux-x86_64-fedora-gcc, r-release-macos-arm64, r-release-macos-x86_64, r-oldrel-macos-arm64, r-oldrel-macos-x86_64