CRAN Package Check Results for Package TOSTER

Last updated on 2022-05-27 21:51:36 CEST.

Flavor Version Tinstall Tcheck Ttotal Status Flags
r-devel-linux-x86_64-debian-clang 0.4.1 28.36 306.93 335.29 OK
r-devel-linux-x86_64-debian-gcc 0.4.1 21.87 207.79 229.66 OK
r-devel-linux-x86_64-fedora-clang 0.4.1 379.40 NOTE
r-devel-linux-x86_64-fedora-gcc 0.4.1 379.15 NOTE
r-devel-windows-x86_64 0.4.1 52.00 396.00 448.00 OK
r-patched-linux-x86_64 0.4.1 23.47 285.25 308.72 OK
r-release-linux-x86_64 0.4.1 21.16 291.16 312.32 OK
r-release-macos-arm64 0.4.1 106.00 NOTE
r-release-macos-x86_64 0.4.1 158.00 NOTE
r-release-windows-x86_64 0.4.1 49.00 405.00 454.00 OK
r-oldrel-macos-arm64 0.4.1 96.00 NOTE
r-oldrel-macos-x86_64 0.4.1 129.00 NOTE
r-oldrel-windows-ix86+x86_64 0.4.1 50.00 345.00 395.00 ERROR

Check Details

Version: 0.4.1
Check: dependencies in R code
Result: NOTE
    Namespace in Imports field not imported from: ‘R6’
     All declared Imports should be used.
Flavors: r-devel-linux-x86_64-fedora-clang, r-devel-linux-x86_64-fedora-gcc, r-release-macos-arm64, r-release-macos-x86_64, r-oldrel-macos-arm64, r-oldrel-macos-x86_64

Version: 0.4.1
Check: PDF version of manual
Result: WARN
    LaTeX errors when creating PDF version.
    This typically indicates Rd problems.
    LaTeX errors found:
    ! Package inputenc Error: Unicode char â<c2><80><c2><90> (U+2010)
    (inputenc) not set up for use with LaTeX.
    
    See the inputenc package documentation for explanation.
    Type H <return> for immediate help.
    ! Package inputenc Error: Unicode char â<c2><80><c2><90> (U+2010)
    (inputenc) not set up for use with LaTeX.
    
    See the inputenc package documentation for explanation.
    Type H <return> for immediate help.
    ! Package inputenc Error: Unicode char â<c2><80><c2><90> (U+2010)
    (inputenc) not set up for use with LaTeX.
    
    See the inputenc package documentation for explanation.
    Type H <return> for immediate help.
    ! Package inputenc Error: Unicode char â<c2><80><c2><90> (U+2010)
    (inputenc) not set up for use with LaTeX.
    
    See the inputenc package documentation for explanation.
    Type H <return> for immediate help.
    ! Package inputenc Error: Unicode char â<c2><80><c2><90> (U+2010)
    (inputenc) not set up for use with LaTeX.
    
    See the inputenc package documentation for explanation.
    Type H <return> for immediate help.
    ! Package inputenc Error: Unicode char â<c2><80><c2><90> (U+2010)
    (inputenc) not set up for use with LaTeX.
    
    See the inputenc package documentation for explanation.
    Type H <return> for immediate help.
Flavor: r-oldrel-windows-ix86+x86_64

Version: 0.4.1
Check: PDF version of manual without hyperrefs or index
Result: ERROR
Flavor: r-oldrel-windows-ix86+x86_64