Last updated on 2023-09-23 21:53:00 CEST.
Flavor | Version | Tinstall | Tcheck | Ttotal | Status | Flags |
---|---|---|---|---|---|---|
r-devel-linux-x86_64-debian-clang | 1.3.1 | 13.92 | 125.14 | 139.06 | OK | |
r-devel-linux-x86_64-debian-gcc | 1.3.1 | 10.36 | 99.45 | 109.81 | OK | |
r-devel-linux-x86_64-fedora-clang | 1.3.1 | 166.25 | NOTE | |||
r-devel-linux-x86_64-fedora-gcc | 1.3.1 | 171.89 | NOTE | |||
r-devel-windows-x86_64 | 1.3.1 | 13.00 | 249.00 | 262.00 | OK | |
r-patched-linux-x86_64 | 1.3.1 | 14.92 | 120.18 | 135.10 | OK | |
r-release-linux-x86_64 | 1.3.1 | 12.52 | 119.40 | 131.92 | OK | |
r-release-macos-arm64 | 1.3.1 | 52.00 | OK | |||
r-release-macos-x86_64 | 1.3.1 | 84.00 | OK | |||
r-release-windows-x86_64 | 1.3.1 | 15.00 | 156.00 | 171.00 | OK | |
r-oldrel-macos-arm64 | 1.3.1 | 51.00 | NOTE | |||
r-oldrel-macos-x86_64 | 1.3.1 | 72.00 | NOTE | |||
r-oldrel-windows-x86_64 | 1.3.1 | 17.00 | 347.00 | 364.00 | OK |
Version: 1.3.1
Check: dependencies in R code
Result: NOTE
Namespace in Imports field not imported from: ‘tseries’
All declared Imports should be used.
Flavors: r-devel-linux-x86_64-fedora-clang, r-devel-linux-x86_64-fedora-gcc, r-oldrel-macos-arm64, r-oldrel-macos-x86_64