CRAN Package Check Results for Package TSDFGS

Last updated on 2024-06-16 21:52:25 CEST.

Flavor Version Tinstall Tcheck Ttotal Status Flags
r-devel-linux-x86_64-debian-clang 2.0 95.54 58.04 153.58 OK
r-devel-linux-x86_64-debian-gcc 2.0 66.46 50.40 116.86 OK
r-devel-linux-x86_64-fedora-clang 2.0 198.53 OK
r-devel-linux-x86_64-fedora-gcc 2.0 207.92 OK
r-devel-windows-x86_64 2.0 66.00 179.00 245.00 OK
r-patched-linux-x86_64 2.0 83.01 61.34 144.35 OK
r-release-linux-x86_64 2.0 84.64 63.25 147.89 OK
r-release-macos-arm64 2.0 46.00 NOTE
r-release-macos-x86_64 2.0 56.00 NOTE
r-release-windows-x86_64 2.0 66.00 243.00 309.00 OK
r-oldrel-macos-arm64 2.0 50.00 NOTE
r-oldrel-macos-x86_64 2.0 78.00 NOTE
r-oldrel-windows-x86_64 2.0 82.00 103.00 185.00 OK

Check Details

Version: 2.0
Check: installed package size
Result: NOTE installed size is 16.8Mb sub-directories of 1Mb or more: data 1.2Mb libs 15.4Mb Flavors: r-release-macos-arm64, r-release-macos-x86_64, r-oldrel-macos-arm64, r-oldrel-macos-x86_64