Last updated on 2023-12-10 19:49:29 CET.
Flavor | Version | Tinstall | Tcheck | Ttotal | Status | Flags |
---|---|---|---|---|---|---|
r-devel-linux-x86_64-debian-clang | 0.1.0 | 2.52 | 24.21 | 26.73 | OK | |
r-devel-linux-x86_64-debian-gcc | 0.1.0 | 2.30 | 19.09 | 21.39 | OK | |
r-devel-linux-x86_64-fedora-clang | 0.1.0 | 33.48 | NOTE | |||
r-devel-linux-x86_64-fedora-gcc | 0.1.0 | 32.66 | NOTE | |||
r-devel-windows-x86_64 | 0.1.0 | 3.00 | 143.00 | 146.00 | OK | |
r-patched-linux-x86_64 | 0.1.0 | 2.65 | 24.04 | 26.69 | OK | |
r-release-linux-x86_64 | 0.1.0 | 2.31 | 24.16 | 26.47 | OK | |
r-release-macos-arm64 | 0.1.0 | 16.00 | OK | |||
r-release-macos-x86_64 | 0.1.0 | 22.00 | OK | |||
r-release-windows-x86_64 | 0.1.0 | 4.00 | 109.00 | 113.00 | OK | |
r-oldrel-macos-arm64 | 0.1.0 | 18.00 | OK | |||
r-oldrel-macos-x86_64 | 0.1.0 | 20.00 | NOTE | |||
r-oldrel-windows-x86_64 | 0.1.0 | 5.00 | 137.00 | 142.00 | OK |
Version: 0.1.0
Check: dependencies in R code
Result: NOTE
Namespace in Imports field not imported from: ‘stats’
All declared Imports should be used.
Flavors: r-devel-linux-x86_64-fedora-clang, r-devel-linux-x86_64-fedora-gcc, r-oldrel-macos-x86_64