CRAN Package Check Results for Package TSGSIS

Last updated on 2021-12-03 19:50:31 CET.

Flavor Version Tinstall Tcheck Ttotal Status Flags
r-devel-linux-x86_64-debian-clang 0.1 7.32 80.08 87.40 NOTE
r-devel-linux-x86_64-debian-gcc 0.1 6.98 61.78 68.76 NOTE
r-devel-linux-x86_64-fedora-clang 0.1 121.48 NOTE
r-devel-linux-x86_64-fedora-gcc 0.1 105.20 NOTE
r-devel-windows-x86_64-new-UL 0.1 12.00 219.00 231.00 NOTE
r-devel-windows-x86_64-new-TK 0.1 NOTE
r-devel-windows-x86_64-old 0.1 12.00 87.00 99.00 NOTE
r-patched-linux-x86_64 0.1 6.85 78.53 85.38 NOTE
r-release-linux-x86_64 0.1 8.04 78.10 86.14 NOTE
r-release-macos-arm64 0.1 NOTE
r-release-macos-x86_64 0.1 NOTE
r-release-windows-ix86+x86_64 0.1 17.00 100.00 117.00 NOTE
r-oldrel-macos-x86_64 0.1 OK
r-oldrel-windows-ix86+x86_64 0.1 17.00 105.00 122.00 OK

Check Details

Version: 0.1
Check: LazyData
Result: NOTE
     'LazyData' is specified without a 'data' directory
Flavors: r-devel-linux-x86_64-debian-clang, r-devel-linux-x86_64-debian-gcc, r-devel-linux-x86_64-fedora-clang, r-devel-linux-x86_64-fedora-gcc, r-devel-windows-x86_64-new-UL, r-devel-windows-x86_64-new-TK, r-devel-windows-x86_64-old, r-patched-linux-x86_64, r-release-linux-x86_64, r-release-macos-arm64, r-release-macos-x86_64, r-release-windows-ix86+x86_64