Last updated on 2023-12-09 19:54:28 CET.
Flavor | Version | Tinstall | Tcheck | Ttotal | Status | Flags |
---|---|---|---|---|---|---|
r-devel-linux-x86_64-debian-clang | 0.3.1 | 11.85 | 86.86 | 98.71 | OK | |
r-devel-linux-x86_64-debian-gcc | 0.3.1 | 7.90 | 65.03 | 72.93 | OK | |
r-devel-linux-x86_64-fedora-clang | 0.3.1 | 121.84 | NOTE | |||
r-devel-linux-x86_64-fedora-gcc | 0.3.1 | 113.62 | OK | |||
r-devel-windows-x86_64 | 0.3.1 | 11.00 | 158.00 | 169.00 | OK | |
r-patched-linux-x86_64 | 0.3.1 | 11.32 | 82.13 | 93.45 | OK | |
r-release-linux-x86_64 | 0.3.1 | 9.20 | 82.51 | 91.71 | OK | |
r-release-macos-arm64 | 0.3.1 | 38.00 | OK | |||
r-release-macos-x86_64 | 0.3.1 | 58.00 | OK | |||
r-release-windows-x86_64 | 0.3.1 | 14.00 | 268.00 | 282.00 | OK | |
r-oldrel-macos-arm64 | 0.3.1 | 36.00 | OK | |||
r-oldrel-macos-x86_64 | 0.3.1 | 63.00 | OK | |||
r-oldrel-windows-x86_64 | 0.3.1 | 14.00 | 265.00 | 279.00 | OK |
Version: 0.3.1
Check: Rd cross-references
Result: NOTE
Undeclared package ‘gimms’ in Rd xrefs
Flavor: r-devel-linux-x86_64-fedora-clang