CRAN Package Check Results for Package TSS.RESTREND

Last updated on 2022-05-26 21:50:20 CEST.

Flavor Version Tinstall Tcheck Ttotal Status Flags
r-devel-linux-x86_64-debian-clang 0.3.1 11.30 103.36 114.66 OK
r-devel-linux-x86_64-debian-gcc 0.3.1 9.96 85.59 95.55 OK
r-devel-linux-x86_64-fedora-clang 0.3.1 129.75 NOTE
r-devel-linux-x86_64-fedora-gcc 0.3.1 128.88 OK
r-devel-windows-x86_64 0.3.1 45.00 167.00 212.00 OK
r-patched-linux-x86_64 0.3.1 9.12 93.18 102.30 OK
r-release-linux-x86_64 0.3.1 7.63 93.36 100.99 OK
r-release-macos-arm64 0.3.1 36.00 OK
r-release-macos-x86_64 0.3.1 63.00 OK
r-release-windows-x86_64 0.3.1 42.00 171.00 213.00 OK
r-oldrel-macos-arm64 0.3.1 41.00 OK
r-oldrel-macos-x86_64 0.3.1 69.00 OK
r-oldrel-windows-ix86+x86_64 0.3.1 27.00 112.00 139.00 OK

Check Details

Version: 0.3.1
Check: Rd cross-references
Result: NOTE
    Undeclared package ‘gimms’ in Rd xrefs
Flavor: r-devel-linux-x86_64-fedora-clang