CRAN Package Check Results for Package TSmisc

Last updated on 2021-06-21 21:51:41 CEST.

Flavor Version Tinstall Tcheck Ttotal Status Flags
r-devel-linux-x86_64-debian-clang 2016.8-1 9.17 65.32 74.49 OK
r-devel-linux-x86_64-debian-gcc 2016.8-1 6.67 50.69 57.36 OK
r-devel-linux-x86_64-fedora-clang 2016.8-1 97.69 OK
r-devel-linux-x86_64-fedora-gcc 2016.8-1 86.69 OK
r-devel-windows-x86_64 2016.8-1 12.00 84.00 96.00 OK
r-devel-windows-x86_64-gcc10-UCRT 2016.8-1 ERROR
r-patched-linux-x86_64 2016.8-1 7.63 63.86 71.49 OK
r-patched-solaris-x86 2016.8-1 122.70 OK
r-release-linux-x86_64 2016.8-1 8.94 64.31 73.25 OK
r-release-macos-arm64 2016.8-1 OK
r-release-macos-x86_64 2016.8-1 OK
r-release-windows-ix86+x86_64 2016.8-1 17.00 85.00 102.00 OK
r-oldrel-macos-x86_64 2016.8-1 OK

Check Details

Version: 2016.8-1
Check: package dependencies
Result: ERROR
    Packages required but not available: 'tseries', 'quantmod'
    
    See section 'The DESCRIPTION file' in the 'Writing R Extensions'
    manual.
Flavor: r-devel-windows-x86_64-gcc10-UCRT