Last updated on 2023-03-27 20:52:30 CEST.
Flavor | Version | Tinstall | Tcheck | Ttotal | Status | Flags |
---|---|---|---|---|---|---|
r-devel-linux-x86_64-debian-clang | 2.12 | 16.43 | 99.71 | 116.14 | NOTE | |
r-devel-linux-x86_64-debian-gcc | 2.12 | 9.54 | 73.41 | 82.95 | NOTE | |
r-devel-linux-x86_64-fedora-clang | 2.12 | 139.59 | NOTE | |||
r-devel-linux-x86_64-fedora-gcc | 2.12 | 146.13 | NOTE | |||
r-devel-windows-x86_64 | 2.12 | 186.00 | 165.00 | 351.00 | NOTE | |
r-patched-linux-x86_64 | 2.12 | 16.46 | 93.72 | 110.18 | NOTE | |
r-release-linux-x86_64 | 2.12 | 13.06 | 91.45 | 104.51 | NOTE | |
r-release-macos-arm64 | 2.12 | 34.00 | NOTE | |||
r-release-macos-x86_64 | 2.12 | 52.00 | NOTE | |||
r-release-windows-x86_64 | 2.12 | 227.00 | 137.00 | 364.00 | OK | |
r-oldrel-macos-arm64 | 2.12 | 44.00 | NOTE | |||
r-oldrel-macos-x86_64 | 2.12 | 81.00 | NOTE | |||
r-oldrel-windows-ix86+x86_64 | 2.12 | 24.00 | 118.00 | 142.00 | OK |
Version: 2.12
Check: package dependencies
Result: NOTE
Package suggested but not available for checking: ‘R2wd’
Flavors: r-devel-linux-x86_64-debian-clang, r-devel-linux-x86_64-debian-gcc, r-devel-linux-x86_64-fedora-clang, r-devel-linux-x86_64-fedora-gcc, r-patched-linux-x86_64, r-release-linux-x86_64, r-release-macos-arm64, r-release-macos-x86_64, r-oldrel-macos-arm64, r-oldrel-macos-x86_64
Version: 2.12
Check: Rd files
Result: NOTE
checkRd: (-1) R2txt.Rd:164: Escaped LaTeX specials: \#
checkRd: (-1) bct.Rd:18: Escaped LaTeX specials: \^
checkRd: (-1) bct.Rd:19: Escaped LaTeX specials: \^
checkRd: (-1) ineq.Rd:10: Escaped LaTeX specials: \&
checkRd: (-1) put.points.demo.Rd:39: Escaped LaTeX specials: \^
checkRd: (-1) run.cor.examp.Rd:10: Escaped LaTeX specials: \^
checkRd: (-1) run.cor.examp.Rd:31: Escaped LaTeX specials: \^
Flavors: r-devel-linux-x86_64-debian-clang, r-devel-linux-x86_64-debian-gcc, r-devel-linux-x86_64-fedora-clang, r-devel-linux-x86_64-fedora-gcc, r-devel-windows-x86_64, r-patched-linux-x86_64