Last updated on 2023-01-30 19:55:02 CET.
Flavor | Version | Tinstall | Tcheck | Ttotal | Status | Flags |
---|---|---|---|---|---|---|
r-devel-linux-x86_64-debian-clang | 2.0.4 | 4.82 | 198.83 | 203.65 | OK | |
r-devel-linux-x86_64-debian-gcc | 2.0.4 | 3.73 | 147.48 | 151.21 | OK | |
r-devel-linux-x86_64-fedora-clang | 2.0.4 | 235.82 | NOTE | |||
r-devel-linux-x86_64-fedora-gcc | 2.0.4 | 244.71 | NOTE | |||
r-devel-windows-x86_64 | 2.0.4 | 17.00 | 248.00 | 265.00 | OK | |
r-patched-linux-x86_64 | 2.0.4 | 4.13 | 189.19 | 193.32 | OK | |
r-release-linux-x86_64 | 2.0.4 | 2.89 | 188.12 | 191.01 | OK | |
r-release-macos-arm64 | 2.0.4 | 65.00 | NOTE | |||
r-release-macos-x86_64 | 2.0.4 | 125.00 | NOTE | |||
r-release-windows-x86_64 | 2.0.4 | 21.00 | 408.00 | 429.00 | OK | |
r-oldrel-macos-arm64 | 2.0.4 | 87.00 | NOTE | |||
r-oldrel-macos-x86_64 | 2.0.4 | 117.00 | NOTE | |||
r-oldrel-windows-ix86+x86_64 | 2.0.4 | 10.00 | 391.00 | 401.00 | OK |
Version: 2.0.4
Check: dependencies in R code
Result: NOTE
Namespace in Imports field not imported from: ‘graphics’
All declared Imports should be used.
Flavors: r-devel-linux-x86_64-fedora-clang, r-devel-linux-x86_64-fedora-gcc, r-release-macos-arm64, r-release-macos-x86_64, r-oldrel-macos-arm64, r-oldrel-macos-x86_64