CRAN Package Check Results for Package TestDesign

Last updated on 2021-02-25 19:46:49 CET.

Flavor Version Tinstall Tcheck Ttotal Status Flags
r-devel-linux-x86_64-debian-clang 1.2.2 98.98 223.57 322.55 NOTE
r-devel-linux-x86_64-debian-gcc 1.2.2 65.66 171.67 237.33 NOTE
r-devel-linux-x86_64-fedora-clang 1.2.2 435.93 NOTE
r-devel-linux-x86_64-fedora-gcc 1.2.2 412.86 NOTE
r-devel-windows-ix86+x86_64 1.2.2 171.00 373.00 544.00 NOTE
r-patched-linux-x86_64 1.2.2 82.25 220.47 302.72 NOTE
r-patched-solaris-x86 1.2.2 497.60 NOTE
r-release-linux-x86_64 1.2.2 79.78 217.40 297.18 NOTE
r-release-macos-x86_64 1.2.2 NOTE
r-release-windows-ix86+x86_64 1.2.2 221.00 507.00 728.00 NOTE
r-oldrel-macos-x86_64 1.2.2 NOTE
r-oldrel-windows-ix86+x86_64 1.2.2 144.00 358.00 502.00 NOTE

Check Details

Version: 1.2.2
Check: package dependencies
Result: NOTE
    Package suggested but not available for checking: 'gurobi'
Flavors: r-devel-linux-x86_64-debian-clang, r-devel-linux-x86_64-debian-gcc, r-devel-linux-x86_64-fedora-clang, r-devel-linux-x86_64-fedora-gcc, r-devel-windows-ix86+x86_64, r-patched-linux-x86_64, r-release-linux-x86_64, r-release-windows-ix86+x86_64, r-oldrel-windows-ix86+x86_64

Version: 1.2.2
Check: installed package size
Result: NOTE
     installed size is 5.1Mb
     sub-directories of 1Mb or more:
     libs 3.2Mb
Flavors: r-devel-linux-x86_64-fedora-clang, r-release-macos-x86_64, r-oldrel-macos-x86_64

Version: 1.2.2
Check: package dependencies
Result: NOTE
    Packages suggested but not available for checking:
     'lpsymphony', 'Rsymphony', 'gurobi'
Flavors: r-patched-solaris-x86, r-release-macos-x86_64

Version: 1.2.2
Check: package dependencies
Result: NOTE
    Packages suggested but not available for checking: 'Rsymphony', 'gurobi'
Flavor: r-oldrel-macos-x86_64