CRAN Package Check Results for Package TestDesign

Last updated on 2021-12-01 19:51:52 CET.

Flavor Version Tinstall Tcheck Ttotal Status Flags
r-devel-linux-x86_64-debian-clang 1.2.6 87.61 227.56 315.17 NOTE
r-devel-linux-x86_64-debian-gcc 1.2.6 65.63 171.06 236.69 NOTE
r-devel-linux-x86_64-fedora-clang 1.2.6 444.31 NOTE
r-devel-linux-x86_64-fedora-gcc 1.2.6 423.62 NOTE
r-devel-windows-x86_64-new-UL 1.2.6 144.00 319.00 463.00 NOTE
r-devel-windows-x86_64-new-TK 1.2.6 NOTE
r-devel-windows-x86_64-old 1.2.6 130.00 227.00 357.00 NOTE
r-patched-linux-x86_64 1.2.6 83.11 227.03 310.14 NOTE
r-patched-solaris-x86 1.2.6 496.30 NOTE
r-release-linux-x86_64 1.2.6 83.64 223.97 307.61 NOTE
r-release-macos-arm64 1.2.6 NOTE
r-release-macos-x86_64 1.2.6 NOTE
r-release-windows-ix86+x86_64 1.2.6 230.00 486.00 716.00 NOTE
r-oldrel-macos-x86_64 1.2.6 NOTE
r-oldrel-windows-ix86+x86_64 1.2.6 182.00 432.00 614.00 NOTE

Additional issues

gcc-ASAN

Check Details

Version: 1.2.6
Check: package dependencies
Result: NOTE
    Package suggested but not available for checking: 'gurobi'
Flavors: r-devel-linux-x86_64-debian-clang, r-devel-linux-x86_64-debian-gcc, r-devel-linux-x86_64-fedora-clang, r-devel-linux-x86_64-fedora-gcc, r-devel-windows-x86_64-new-UL, r-devel-windows-x86_64-new-TK, r-devel-windows-x86_64-old, r-patched-linux-x86_64, r-release-linux-x86_64, r-release-windows-ix86+x86_64, r-oldrel-windows-ix86+x86_64

Version: 1.2.6
Check: package dependencies
Result: NOTE
    Packages suggested but not available for checking:
     'lpsymphony', 'Rsymphony', 'gurobi'
Flavor: r-patched-solaris-x86

Version: 1.2.6
Check: package dependencies
Result: NOTE
    Packages suggested but not available for checking: 'lpsymphony', 'gurobi'
Flavors: r-release-macos-arm64, r-release-macos-x86_64, r-oldrel-macos-x86_64

Version: 1.2.6
Check: installed package size
Result: NOTE
     installed size is 6.3Mb
     sub-directories of 1Mb or more:
     libs 4.4Mb
Flavors: r-release-macos-arm64, r-release-macos-x86_64, r-oldrel-macos-x86_64