Last updated on 2022-05-27 21:51:35 CEST.
Flavor | Version | Tinstall | Tcheck | Ttotal | Status | Flags |
---|---|---|---|---|---|---|
r-devel-linux-x86_64-debian-clang | 1.3.0 | 2.68 | 37.19 | 39.87 | NOTE | |
r-devel-linux-x86_64-debian-gcc | 1.3.0 | 2.31 | 29.17 | 31.48 | NOTE | |
r-devel-linux-x86_64-fedora-clang | 1.3.0 | 47.81 | NOTE | |||
r-devel-linux-x86_64-fedora-gcc | 1.3.0 | 47.36 | NOTE | |||
r-devel-windows-x86_64 | 1.3.0 | 8.00 | 52.00 | 60.00 | NOTE | |
r-patched-linux-x86_64 | 1.3.0 | 2.84 | 36.05 | 38.89 | NOTE | |
r-release-linux-x86_64 | 1.3.0 | 2.78 | 36.15 | 38.93 | NOTE | |
r-release-macos-arm64 | 1.3.0 | 17.00 | NOTE | |||
r-release-macos-x86_64 | 1.3.0 | 23.00 | NOTE | |||
r-release-windows-x86_64 | 1.3.0 | 6.00 | 51.00 | 57.00 | NOTE | |
r-oldrel-macos-arm64 | 1.3.0 | 20.00 | NOTE | |||
r-oldrel-macos-x86_64 | 1.3.0 | 27.00 | NOTE | |||
r-oldrel-windows-ix86+x86_64 | 1.3.0 | 5.00 | 46.00 | 51.00 | NOTE |
Version: 1.3.0
Check: DESCRIPTION meta-information
Result: NOTE
Malformed Description field: should contain one or more complete sentences.
Flavors: r-devel-linux-x86_64-debian-clang, r-devel-linux-x86_64-debian-gcc, r-devel-linux-x86_64-fedora-clang, r-devel-linux-x86_64-fedora-gcc, r-devel-windows-x86_64, r-patched-linux-x86_64, r-release-linux-x86_64, r-release-macos-arm64, r-release-macos-x86_64, r-release-windows-x86_64, r-oldrel-macos-arm64, r-oldrel-macos-x86_64, r-oldrel-windows-ix86+x86_64
Version: 1.3.0
Check: R code for possible problems
Result: NOTE
Thinknum: no visible global function definition for 'URLencode'
Undefined global functions or variables:
URLencode
Consider adding
importFrom("utils", "URLencode")
to your NAMESPACE file.
Flavors: r-devel-linux-x86_64-debian-clang, r-devel-linux-x86_64-debian-gcc, r-devel-linux-x86_64-fedora-clang, r-devel-linux-x86_64-fedora-gcc, r-devel-windows-x86_64, r-patched-linux-x86_64, r-release-linux-x86_64, r-release-macos-arm64, r-release-macos-x86_64, r-release-windows-x86_64, r-oldrel-macos-arm64, r-oldrel-macos-x86_64, r-oldrel-windows-ix86+x86_64