CRAN Package Check Results for Package TouRnament

Last updated on 2022-09-25 21:55:03 CEST.

Flavor Version Tinstall Tcheck Ttotal Status Flags
r-devel-linux-x86_64-debian-clang 0.2.5 1.67 22.20 23.87 NOTE
r-devel-linux-x86_64-debian-gcc 0.2.5 2.04 17.51 19.55 NOTE
r-devel-linux-x86_64-fedora-clang 0.2.5 42.78 NOTE
r-devel-linux-x86_64-fedora-gcc 0.2.5 41.62 NOTE
r-devel-windows-x86_64 0.2.5 5.00 48.00 53.00 NOTE
r-patched-linux-x86_64 0.2.5 1.65 22.15 23.80 NOTE
r-release-linux-x86_64 0.2.5 1.78 22.17 23.95 NOTE
r-release-macos-arm64 0.2.5 17.00 NOTE
r-release-macos-x86_64 0.2.5 20.00 NOTE
r-release-windows-x86_64 0.2.5 11.00 46.00 57.00 NOTE
r-oldrel-macos-arm64 0.2.5 17.00 NOTE
r-oldrel-macos-x86_64 0.2.5 23.00 NOTE
r-oldrel-windows-ix86+x86_64 0.2.5 5.00 45.00 50.00 NOTE

Check Details

Version: 0.2.5
Check: LazyData
Result: NOTE
     'LazyData' is specified without a 'data' directory
Flavors: r-devel-linux-x86_64-debian-clang, r-devel-linux-x86_64-debian-gcc, r-devel-linux-x86_64-fedora-clang, r-devel-linux-x86_64-fedora-gcc, r-devel-windows-x86_64, r-patched-linux-x86_64, r-release-linux-x86_64, r-release-macos-arm64, r-release-macos-x86_64, r-release-windows-x86_64, r-oldrel-macos-arm64, r-oldrel-macos-x86_64, r-oldrel-windows-ix86+x86_64