CRAN Package Check Results for Package TrafficBDE

Last updated on 2021-01-18 19:50:22 CET.

Flavor Version Tinstall Tcheck Ttotal Status Flags
r-devel-linux-x86_64-debian-clang 0.1.0 13.15 123.20 136.35 OK
r-devel-linux-x86_64-debian-gcc 0.1.0 12.21 92.37 104.58 OK
r-devel-linux-x86_64-fedora-clang 0.1.0 172.90 NOTE
r-devel-linux-x86_64-fedora-gcc 0.1.0 156.84 NOTE
r-devel-windows-ix86+x86_64 0.1.0 25.00 104.00 129.00 OK
r-patched-linux-x86_64 0.1.0 13.64 113.38 127.02 OK
r-patched-solaris-x86 0.1.0 241.60 NOTE
r-release-linux-x86_64 0.1.0 12.40 111.82 124.22 OK
r-release-macos-x86_64 0.1.0 NOTE
r-release-windows-ix86+x86_64 0.1.0 28.00 105.00 133.00 OK
r-oldrel-macos-x86_64 0.1.0 NOTE
r-oldrel-windows-ix86+x86_64 0.1.0 28.00 98.00 126.00 OK

Check Details

Version: 0.1.0
Check: dependencies in R code
Result: NOTE
    Namespace in Imports field not imported from: ‘neuralnet’
     All declared Imports should be used.
Flavors: r-devel-linux-x86_64-fedora-clang, r-devel-linux-x86_64-fedora-gcc, r-patched-solaris-x86, r-release-macos-x86_64, r-oldrel-macos-x86_64