CRAN Package Check Results for Package TukeyRegion

Last updated on 2021-11-29 19:51:48 CET.

Flavor Version Tinstall Tcheck Ttotal Status Flags
r-devel-linux-x86_64-debian-clang 0.1.4 95.61 47.95 143.56 OK
r-devel-linux-x86_64-debian-gcc 0.1.4 66.78 39.32 106.10 OK
r-devel-linux-x86_64-fedora-clang 0.1.4 221.92 OK
r-devel-linux-x86_64-fedora-gcc 0.1.4 189.93 OK
r-devel-windows-x86_64-new-UL 0.1.4 132.00 119.00 251.00 OK
r-devel-windows-x86_64-new-TK 0.1.4 OK
r-devel-windows-x86_64-old 0.1.4 119.00 63.00 182.00 OK
r-patched-linux-x86_64 0.1.4 86.03 46.21 132.24 OK
r-patched-solaris-x86 0.1.4 196.90 OK
r-release-linux-x86_64 0.1.4 81.63 47.15 128.78 OK
r-release-macos-arm64 0.1.4 NOTE
r-release-macos-x86_64 0.1.4 OK
r-release-windows-ix86+x86_64 0.1.4 236.00 119.00 355.00 OK
r-oldrel-macos-x86_64 0.1.4 OK
r-oldrel-windows-ix86+x86_64 0.1.4 170.00 95.00 265.00 OK

Check Details

Version: 0.1.4
Check: installed package size
Result: NOTE
     installed size is 6.0Mb
     sub-directories of 1Mb or more:
     libs 5.9Mb
Flavor: r-release-macos-arm64