CRAN Package Check Results for Package UCSCXenaShiny

Last updated on 2024-03-01 19:49:15 CET.

Flavor Version Tinstall Tcheck Ttotal Status Flags
r-devel-linux-x86_64-debian-clang 1.1.10 14.99 96.08 111.07 OK
r-devel-linux-x86_64-debian-gcc 1.1.10 10.77 73.08 83.85 OK
r-devel-linux-x86_64-fedora-clang 1.1.10 139.48 NOTE
r-devel-linux-x86_64-fedora-gcc 1.1.10 144.37 OK
r-devel-windows-x86_64 1.1.10 16.00 238.00 254.00 NOTE
r-patched-linux-x86_64 1.1.10 13.96 106.21 120.17 OK
r-release-linux-x86_64 1.1.10 13.13 106.48 119.61 OK
r-release-macos-arm64 1.1.10 59.00 NOTE
r-release-macos-x86_64 1.1.10 85.00 NOTE
r-release-windows-x86_64 1.1.10 23.00 157.00 180.00 NOTE
r-oldrel-macos-arm64 1.1.10 38.00 NOTE
r-oldrel-windows-x86_64 1.1.10 23.00 141.00 164.00 NOTE

Check Details

Version: 1.1.10
Check: installed package size
Result: NOTE installed size is 6.8Mb sub-directories of 1Mb or more: doc 1.4Mb shinyapp 3.5Mb Flavors: r-devel-linux-x86_64-fedora-clang, r-devel-windows-x86_64, r-release-macos-arm64, r-release-macos-x86_64, r-release-windows-x86_64, r-oldrel-macos-arm64, r-oldrel-windows-x86_64