Last updated on 2021-01-22 19:47:34 CET.
Flavor | Version | Tinstall | Tcheck | Ttotal | Status | Flags |
---|---|---|---|---|---|---|
r-devel-linux-x86_64-debian-clang | 0.1.3 | 4.40 | 27.95 | 32.35 | OK | |
r-devel-linux-x86_64-debian-gcc | 0.1.3 | 4.07 | 21.83 | 25.90 | OK | |
r-devel-linux-x86_64-fedora-clang | 0.1.3 | 50.71 | OK | |||
r-devel-linux-x86_64-fedora-gcc | 0.1.3 | 38.69 | OK | |||
r-devel-windows-ix86+x86_64 | 0.1.3 | 9.00 | 44.00 | 53.00 | OK | |
r-patched-linux-x86_64 | 0.1.3 | 4.74 | 26.64 | 31.38 | OK | |
r-patched-solaris-x86 | 0.1.3 | 57.70 | NOTE | |||
r-release-linux-x86_64 | 0.1.3 | 4.58 | 27.09 | 31.67 | OK | |
r-release-macos-x86_64 | 0.1.3 | OK | ||||
r-release-windows-ix86+x86_64 | 0.1.3 | 9.00 | 48.00 | 57.00 | OK | |
r-oldrel-macos-x86_64 | 0.1.3 | OK | ||||
r-oldrel-windows-ix86+x86_64 | 0.1.3 | 6.00 | 30.00 | 36.00 | OK |
Version: 0.1.3
Check: package dependencies
Result: NOTE
Package suggested but not available for checking: ‘TSstudio’
Flavor: r-patched-solaris-x86