CRAN Package Check Results for Package Umatrix

Last updated on 2021-02-28 19:48:15 CET.

Flavor Version Tinstall Tcheck Ttotal Status Flags
r-devel-linux-x86_64-debian-clang 3.3 OK
r-devel-linux-x86_64-debian-gcc 3.3 39.35 81.32 120.67 OK
r-devel-linux-x86_64-fedora-clang 3.3 233.23 OK
r-devel-linux-x86_64-fedora-gcc 3.3 200.82 OK
r-devel-windows-ix86+x86_64 3.3 105.00 152.00 257.00 OK
r-patched-linux-x86_64 3.3 32.54 103.12 135.66 OK
r-patched-solaris-x86 3.3 253.20 OK
r-release-linux-x86_64 3.3 34.26 103.30 137.56 OK
r-release-macos-x86_64 3.3 OK
r-release-windows-ix86+x86_64 3.3 143.00 202.00 345.00 OK
r-oldrel-macos-x86_64 3.3 NOTE
r-oldrel-windows-ix86+x86_64 3.3 97.00 192.00 289.00 OK

Check Details

Version: 3.3
Check: dependencies in R code
Result: NOTE
    No protocol specified
Flavor: r-oldrel-macos-x86_64