CRAN Package Check Results for Package VBJM

Last updated on 2024-03-03 19:56:38 CET.

Flavor Version Tinstall Tcheck Ttotal Status Flags
r-devel-linux-x86_64-debian-clang 0.1.0 82.09 70.92 153.01 OK
r-devel-linux-x86_64-debian-gcc 0.1.0 61.72 52.73 114.45 OK
r-devel-linux-x86_64-fedora-clang 0.1.0 192.05 OK
r-devel-linux-x86_64-fedora-gcc 0.1.0 230.13 OK
r-devel-windows-x86_64 0.1.0 58.00 86.00 144.00 OK
r-patched-linux-x86_64 0.1.0 78.06 68.07 146.13 OK
r-release-linux-x86_64 0.1.0 65.03 70.33 135.36 OK
r-release-macos-arm64 0.1.0 61.00 NOTE
r-release-macos-x86_64 0.1.0 156.00 NOTE
r-release-windows-x86_64 0.1.0 77.00 105.00 182.00 OK
r-oldrel-macos-arm64 0.1.0 60.00 NOTE
r-oldrel-windows-x86_64 0.1.0 70.00 102.00 172.00 OK

Check Details

Version: 0.1.0
Check: installed package size
Result: NOTE installed size is 7.8Mb sub-directories of 1Mb or more: libs 7.5Mb Flavors: r-release-macos-arm64, r-release-macos-x86_64, r-oldrel-macos-arm64