CRAN Package Check Results for Package VIM

Last updated on 2024-03-01 19:49:15 CET.

Flavor Version Tinstall Tcheck Ttotal Status Flags
r-devel-linux-x86_64-debian-clang 6.2.2 41.28 222.48 263.76 OK
r-devel-linux-x86_64-debian-gcc 6.2.2 30.75 164.35 195.10 OK
r-devel-linux-x86_64-fedora-clang 6.2.2 320.38 NOTE
r-devel-linux-x86_64-fedora-gcc 6.2.2 326.39 NOTE
r-devel-windows-x86_64 6.2.2 36.00 192.00 228.00 NOTE
r-patched-linux-x86_64 6.2.2 49.50 213.65 263.15 OK
r-release-linux-x86_64 6.2.2 28.66 214.32 242.98 OK
r-release-macos-arm64 6.2.2 99.00 NOTE
r-release-macos-x86_64 6.2.2 172.00 NOTE
r-release-windows-x86_64 6.2.2 47.00 249.00 296.00 NOTE
r-oldrel-macos-arm64 6.2.2 80.00 NOTE
r-oldrel-windows-x86_64 6.2.2 47.00 239.00 286.00 NOTE

Check Details

Version: 6.2.2
Check: dependencies in R code
Result: NOTE Namespace in Imports field not imported from: ‘magrittr’ All declared Imports should be used. Flavors: r-devel-linux-x86_64-fedora-clang, r-devel-linux-x86_64-fedora-gcc, r-oldrel-macos-arm64

Version: 6.2.2
Check: Rd cross-references
Result: NOTE Undeclared package ‘mi’ in Rd xrefs Flavor: r-devel-linux-x86_64-fedora-clang

Version: 6.2.2
Check: data for non-ASCII characters
Result: NOTE Note: found 2754 marked UTF-8 strings Flavors: r-devel-linux-x86_64-fedora-clang, r-devel-linux-x86_64-fedora-gcc, r-oldrel-macos-arm64

Version: 6.2.2
Check: installed package size
Result: NOTE installed size is 5.2Mb sub-directories of 1Mb or more: doc 2.7Mb libs 1.1Mb Flavors: r-devel-windows-x86_64, r-release-macos-arm64, r-release-macos-x86_64, r-release-windows-x86_64, r-oldrel-macos-arm64, r-oldrel-windows-x86_64