Last updated on 2021-02-28 19:48:15 CET.
Flavor | Version | Tinstall | Tcheck | Ttotal | Status | Flags |
---|---|---|---|---|---|---|
r-devel-linux-x86_64-debian-clang | 2.4.1 | OK | ||||
r-devel-linux-x86_64-debian-gcc | 2.4.1 | 25.12 | 104.52 | 129.64 | OK | |
r-devel-linux-x86_64-fedora-clang | 2.4.1 | 220.06 | NOTE | |||
r-devel-linux-x86_64-fedora-gcc | 2.4.1 | 209.76 | OK | |||
r-devel-windows-ix86+x86_64 | 2.4.1 | 63.00 | 197.00 | 260.00 | OK | |
r-patched-linux-x86_64 | 2.4.1 | 30.01 | 132.58 | 162.59 | OK | |
r-patched-solaris-x86 | 2.4.1 | 307.40 | OK | |||
r-release-linux-x86_64 | 2.4.1 | 28.84 | 133.34 | 162.18 | OK | |
r-release-macos-x86_64 | 2.4.1 | OK | ||||
r-release-windows-ix86+x86_64 | 2.4.1 | 60.00 | 256.00 | 316.00 | OK | |
r-oldrel-macos-x86_64 | 2.4.1 | OK | ||||
r-oldrel-windows-ix86+x86_64 | 2.4.1 | 51.00 | 246.00 | 297.00 | OK |
Version: 2.4.1
Check: Rd cross-references
Result: NOTE
Undeclared packages ‘foreach’, ‘copula’ in Rd xrefs
Flavor: r-devel-linux-x86_64-fedora-clang