CRAN Package Check Results for Package VoxR

Last updated on 2022-05-20 21:53:06 CEST.

Flavor Version Tinstall Tcheck Ttotal Status Flags
r-devel-linux-x86_64-debian-clang 1.0.0 4.38 111.62 116.00 NOTE
r-devel-linux-x86_64-debian-gcc 1.0.0 3.24 73.36 76.60 NOTE
r-devel-linux-x86_64-fedora-clang 1.0.0 118.70 NOTE
r-devel-linux-x86_64-fedora-gcc 1.0.0 108.52 NOTE
r-devel-windows-x86_64 1.0.0 16.00 103.00 119.00 NOTE
r-patched-linux-x86_64 1.0.0 4.45 91.22 95.67 NOTE
r-release-linux-x86_64 1.0.0 2.88 93.56 96.44 NOTE
r-release-macos-arm64 1.0.0 28.00 NOTE
r-release-macos-x86_64 1.0.0 42.00 NOTE
r-release-windows-x86_64 1.0.0 20.00 109.00 129.00 NOTE
r-oldrel-macos-arm64 1.0.0 32.00 NOTE
r-oldrel-macos-x86_64 1.0.0 53.00 NOTE
r-oldrel-windows-ix86+x86_64 1.0.0 12.00 409.00 421.00 NOTE

Check Details

Version: 1.0.0
Check: LazyData
Result: NOTE
     'LazyData' is specified without a 'data' directory
Flavors: r-devel-linux-x86_64-debian-clang, r-devel-linux-x86_64-debian-gcc, r-devel-linux-x86_64-fedora-clang, r-devel-linux-x86_64-fedora-gcc, r-devel-windows-x86_64, r-patched-linux-x86_64, r-release-linux-x86_64, r-release-macos-arm64, r-release-macos-x86_64, r-release-windows-x86_64, r-oldrel-macos-arm64, r-oldrel-macos-x86_64, r-oldrel-windows-ix86+x86_64