CRAN Package Check Results for Package W3CMarkupValidator

Last updated on 2023-02-07 19:58:26 CET.

Flavor Version Tinstall Tcheck Ttotal Status Flags
r-devel-linux-x86_64-debian-clang 0.1-6 2.64 25.47 28.11 OK
r-devel-linux-x86_64-debian-gcc 0.1-6 1.86 19.63 21.49 OK
r-devel-linux-x86_64-fedora-clang 0.1-7 36.04 NOTE
r-devel-linux-x86_64-fedora-gcc 0.1-7 33.12 OK
r-devel-windows-x86_64 0.1-6 32.00 50.00 82.00 OK
r-patched-linux-x86_64 0.1-6 2.24 24.45 26.69 OK
r-release-linux-x86_64 0.1-6 2.32 25.58 27.90 OK
r-release-macos-arm64 0.1-7 16.00 OK
r-release-macos-x86_64 0.1-6 25.00 OK
r-release-windows-x86_64 0.1-6 6.00 56.00 62.00 OK
r-oldrel-macos-arm64 0.1-7 19.00 OK
r-oldrel-macos-x86_64 0.1-6 28.00 OK
r-oldrel-windows-ix86+x86_64 0.1-6 5.00 48.00 53.00 OK

Check Details

Version: 0.1-7
Check: Rd cross-references
Result: NOTE
    Undeclared package ‘RCurl’ in Rd xrefs
Flavor: r-devel-linux-x86_64-fedora-clang