CRAN Package Check Results for Package WEGE

Last updated on 2023-01-29 19:54:21 CET.

Flavor Version Tinstall Tcheck Ttotal Status Flags
r-devel-linux-x86_64-debian-clang 0.1.0 25.76 285.51 311.27 NOTE
r-devel-linux-x86_64-debian-gcc 0.1.0 27.57 208.59 236.16 NOTE
r-devel-linux-x86_64-fedora-clang 0.1.0 419.07 NOTE
r-devel-linux-x86_64-fedora-gcc 0.1.0 396.42 NOTE
r-devel-windows-x86_64 0.1.0 30.00 287.00 317.00 NOTE
r-patched-linux-x86_64 0.1.0 27.59 277.34 304.93 NOTE
r-release-linux-x86_64 0.1.0 27.56 277.12 304.68 NOTE
r-release-macos-arm64 0.1.0 69.00 NOTE
r-release-macos-x86_64 0.1.0 111.00 NOTE
r-release-windows-x86_64 0.1.0 29.00 275.00 304.00 NOTE
r-oldrel-macos-arm64 0.1.0 48.00 NOTE
r-oldrel-macos-x86_64 0.1.0 77.00 NOTE
r-oldrel-windows-ix86+x86_64 0.1.0 71.00 276.00 347.00 NOTE

Check Details

Version: 0.1.0
Check: LazyData
Result: NOTE
     'LazyData' is specified without a 'data' directory
Flavors: r-devel-linux-x86_64-debian-clang, r-devel-linux-x86_64-debian-gcc, r-devel-linux-x86_64-fedora-clang, r-devel-linux-x86_64-fedora-gcc, r-devel-windows-x86_64, r-patched-linux-x86_64, r-release-linux-x86_64, r-release-macos-arm64, r-release-macos-x86_64, r-release-windows-x86_64, r-oldrel-macos-arm64, r-oldrel-macos-x86_64, r-oldrel-windows-ix86+x86_64