CRAN Package Check Results for Package WeMix

Last updated on 2022-10-01 20:50:26 CEST.

Flavor Version Tinstall Tcheck Ttotal Status Flags
r-devel-linux-x86_64-debian-clang 3.2.2 20.04 613.68 633.72 OK
r-devel-linux-x86_64-debian-gcc 3.2.2 13.49 441.38 454.87 OK
r-devel-linux-x86_64-fedora-clang 3.2.2 778.43 OK
r-devel-linux-x86_64-fedora-gcc 3.2.2 785.49 OK
r-devel-windows-x86_64 3.2.2 45.00 608.00 653.00 OK
r-patched-linux-x86_64 3.2.2 14.30 587.09 601.39 OK
r-release-linux-x86_64 3.2.2 12.61 592.35 604.96 ERROR
r-release-macos-arm64 3.2.2 141.00 OK
r-release-macos-x86_64 3.2.2 249.00 OK
r-release-windows-x86_64 3.2.2 31.00 514.00 545.00 ERROR
r-oldrel-macos-arm64 3.2.2 140.00 OK
r-oldrel-macos-x86_64 3.2.2 244.00 OK
r-oldrel-windows-ix86+x86_64 3.2.2 40.00 650.00 690.00 OK

Additional issues

ATLAS M1mac noLD

Check Details

Version: 3.2.2
Check: tests
Result: ERROR
     Running ‘testthat_tests.R’ [440s/507s]
    Running the tests in ‘tests/testthat_tests.R’ failed.
    Complete output:
     > library(testthat)
     > library(WeMix)
     Loading required package: lme4
     Loading required package: Matrix
     WeMix v3.2.2
    
     > test_check('WeMix')
     [ FAIL 1 | WARN 0 | SKIP 12 | PASS 89 ]
    
     ══ Skipped tests ═══════════════════════════════════════════════════════════════════════════════════════════════════════════════════════════════════════════════════════════════════════════════════════════════════════════════════════════════════════════════════════════════════════════════════════════════════════════════════════════════════════════════════════════════════════════════════════════════════════════════════════════════════════════════════════════════════════════════════════════════════
     • On CRAN (12)
    
     ══ Failed tests ════════════════════════════════════════════════════════════════════════════════════════════════════════════════════════════════════════════════════════════════════════════════════════════════════════════════════════════════════════════════════════════════════════════════════════════════════════════════════════════════════════════════════════════════════════════════════════════════════════════════════════════════════════════════════════════════════════════════════════════════════
     ── Failure (test-1-main.R:111:3): Agrees with lme4 3,handles missing data ──────
     unname(wm2$vars) not equal to unname(lmewm2vars)^2.
     3/3 mismatches (average diff: 0.0205)
     [1] 582.4 - 582.5 == -0.04804
     [2] 33.6 - 33.6 == -0.00294
     [3] 657.3 - 657.3 == 0.01063
    
     [ FAIL 1 | WARN 0 | SKIP 12 | PASS 89 ]
     Error: Test failures
     Execution halted
Flavor: r-release-linux-x86_64

Version: 3.2.2
Check: tests
Result: ERROR
     Running 'testthat_tests.R' [240s]
    Running the tests in 'tests/testthat_tests.R' failed.
    Complete output:
     > library(testthat)
     > library(WeMix)
     Loading required package: lme4
     Loading required package: Matrix
     WeMix v3.2.2
    
     > test_check('WeMix')
     [ FAIL 1 | WARN 0 | SKIP 12 | PASS 89 ]
    
     ══ Skipped tests ═══════════════════════════════════════════════════════════════════════════════════════════════════════════════════════════════════════════════════════════════════════════════════════════════════════════════════════════════════════════════════════════════════════════════════════════════════════════════════════════════════════════════════════════════════════════════════════════════════════════════════════════════════════════════════════════════════════════════════════════════════
     • On CRAN (12)
    
     ══ Failed tests ════════════════════════════════════════════════════════════════════════════════════════════════════════════════════════════════════════════════════════════════════════════════════════════════════════════════════════════════════════════════════════════════════════════════════════════════════════════════════════════════════════════════════════════════════════════════════════════════════════════════════════════════════════════════════════════════════════════════════════════════════
     ── Failure (test-1-main.R:111:3): Agrees with lme4 3,handles missing data ──────
     unname(wm2$vars) not equal to unname(lmewm2vars)^2.
     3/3 mismatches (average diff: 0.0123)
     [1] 581.7 - 581.8 == -0.033710
     [2] 33.5 - 33.5 == 0.000266
     [3] 657.5 - 657.5 == 0.002885
    
     [ FAIL 1 | WARN 0 | SKIP 12 | PASS 89 ]
     Error: Test failures
     Execution halted
Flavor: r-release-windows-x86_64