CRAN Package Check Results for Package WeibullR

Last updated on 2024-03-03 19:56:39 CET.

Flavor Version Tinstall Tcheck Ttotal Status Flags
r-devel-linux-x86_64-debian-clang 1.2.1 129.99 64.41 194.40 NOTE
r-devel-linux-x86_64-debian-gcc 1.2.1 102.39 47.57 149.96 NOTE
r-devel-linux-x86_64-fedora-clang 1.2.1 285.23 NOTE
r-devel-linux-x86_64-fedora-gcc 1.2.1 297.13 NOTE
r-devel-windows-x86_64 1.2.1 100.00 86.00 186.00 NOTE
r-patched-linux-x86_64 1.2.1 137.22 63.14 200.36 NOTE
r-release-linux-x86_64 1.2.1 135.04 62.90 197.94 NOTE
r-release-macos-arm64 1.2.1 59.00 NOTE
r-release-macos-x86_64 1.2.1 119.00 NOTE
r-release-windows-x86_64 1.2.1 90.00 101.00 191.00 NOTE
r-oldrel-macos-arm64 1.2.1 62.00 OK
r-oldrel-windows-x86_64 1.2.1 120.00 100.00 220.00 OK

Check Details

Version: 1.2.1
Check: C++ specification
Result: NOTE Specified C++11: please drop specification unless essential Flavors: r-devel-linux-x86_64-debian-clang, r-devel-linux-x86_64-debian-gcc, r-devel-linux-x86_64-fedora-clang, r-devel-linux-x86_64-fedora-gcc, r-devel-windows-x86_64, r-patched-linux-x86_64, r-release-linux-x86_64, r-release-macos-arm64, r-release-macos-x86_64, r-release-windows-x86_64

Version: 1.2.1
Check: Rd files
Result: NOTE checkRd: (-1) options.wblr.Rd:110-112: Lost braces in \itemize; meant \describe ? checkRd: (-1) options.wblr.Rd:113-114: Lost braces in \itemize; meant \describe ? checkRd: (-1) options.wblr.Rd:115-116: Lost braces in \itemize; meant \describe ? checkRd: (-1) options.wblr.Rd:121-122: Lost braces in \itemize; meant \describe ? checkRd: (-1) options.wblr.Rd:123-124: Lost braces in \itemize; meant \describe ? checkRd: (-1) options.wblr.Rd:125-126: Lost braces in \itemize; meant \describe ? checkRd: (-1) options.wblr.Rd:153-157: Lost braces in \itemize; meant \describe ? checkRd: (-1) options.wblr.Rd:158-160: Lost braces in \itemize; meant \describe ? checkRd: (-1) options.wblr.Rd:161-163: Lost braces in \itemize; meant \describe ? checkRd: (-1) options.wblr.Rd:164-166: Lost braces in \itemize; meant \describe ? checkRd: (-1) options.wblr.Rd:184-186: Lost braces in \itemize; meant \describe ? checkRd: (-1) options.wblr.Rd:187-189: Lost braces in \itemize; meant \describe ? checkRd: (-1) options.wblr.Rd:194-196: Lost braces in \itemize; meant \describe ? checkRd: (-1) options.wblr.Rd:197-199: Lost braces in \itemize; meant \describe ? checkRd: (-1) options.wblr.Rd:208-209: Lost braces in \itemize; meant \describe ? checkRd: (-1) options.wblr.Rd:210-211: Lost braces in \itemize; meant \describe ? checkRd: (-1) options.wblr.Rd:212-213: Lost braces in \itemize; meant \describe ? checkRd: (-1) options.wblr.Rd:218-221: Lost braces in \itemize; meant \describe ? checkRd: (-1) options.wblr.Rd:222-223: Lost braces in \itemize; meant \describe ? checkRd: (-1) options.wblr.Rd:224-225: Lost braces in \itemize; meant \describe ? checkRd: (-1) options.wblr.Rd:226-227: Lost braces in \itemize; meant \describe ? checkRd: (-1) options.wblr.Rd:228-229: Lost braces in \itemize; meant \describe ? checkRd: (-1) options.wblr.Rd:230-231: Lost braces in \itemize; meant \describe ? checkRd: (-1) options.wblr.Rd:232-233: Lost braces in \itemize; meant \describe ? checkRd: (-1) options.wblr.Rd:234-235: Lost braces in \itemize; meant \describe ? checkRd: (-1) options.wblr.Rd:236-237: Lost braces in \itemize; meant \describe ? checkRd: (-1) options.wblr.Rd:238-239: Lost braces in \itemize; meant \describe ? checkRd: (-1) options.wblr.Rd:240-241: Lost braces in \itemize; meant \describe ? checkRd: (-1) options.wblr.Rd:242-243: Lost braces in \itemize; meant \describe ? checkRd: (-1) options.wblr.Rd:244-245: Lost braces in \itemize; meant \describe ? checkRd: (-1) options.wblr.Rd:246-247: Lost braces in \itemize; meant \describe ? checkRd: (-1) options.wblr.Rd:248-249: Lost braces in \itemize; meant \describe ? checkRd: (-1) options.wblr.Rd:250-251: Lost braces in \itemize; meant \describe ? checkRd: (-1) options.wblr.Rd:252-253: Lost braces in \itemize; meant \describe ? checkRd: (-1) options.wblr.Rd:254-255: Lost braces in \itemize; meant \describe ? checkRd: (-1) options.wblr.Rd:256-257: Lost braces in \itemize; meant \describe ? checkRd: (-1) options.wblr.Rd:258-259: Lost braces in \itemize; meant \describe ? checkRd: (-1) options.wblr.Rd:260-261: Lost braces in \itemize; meant \describe ? checkRd: (-1) options.wblr.Rd:262-263: Lost braces in \itemize; meant \describe ? checkRd: (-1) options.wblr.Rd:264-265: Lost braces in \itemize; meant \describe ? checkRd: (-1) options.wblr.Rd:266-267: Lost braces in \itemize; meant \describe ? checkRd: (-1) options.wblr.Rd:268-269: Lost braces in \itemize; meant \describe ? checkRd: (-1) options.wblr.Rd:270-271: Lost braces in \itemize; meant \describe ? checkRd: (-1) options.wblr.Rd:272-273: Lost braces in \itemize; meant \describe ? checkRd: (-1) wblr.Rd:84-86: Lost braces in \itemize; meant \describe ? checkRd: (-1) wblr.Rd:87-88: Lost braces in \itemize; meant \describe ? checkRd: (-1) wblr.Rd:89-90: Lost braces in \itemize; meant \describe ? checkRd: (-1) wblr.Rd:95-96: Lost braces in \itemize; meant \describe ? checkRd: (-1) wblr.Rd:97-98: Lost braces in \itemize; meant \describe ? checkRd: (-1) wblr.Rd:99-100: Lost braces in \itemize; meant \describe ? checkRd: (-1) wblr.conf.Rd:34-38: Lost braces in \itemize; meant \describe ? checkRd: (-1) wblr.conf.Rd:39-41: Lost braces in \itemize; meant \describe ? checkRd: (-1) wblr.conf.Rd:42-44: Lost braces in \itemize; meant \describe ? checkRd: (-1) wblr.conf.Rd:45-47: Lost braces in \itemize; meant \describe ? checkRd: (-1) wblr.conf.Rd:65-67: Lost braces in \itemize; meant \describe ? checkRd: (-1) wblr.conf.Rd:68-70: Lost braces in \itemize; meant \describe ? checkRd: (-1) wblr.conf.Rd:75-77: Lost braces in \itemize; meant \describe ? checkRd: (-1) wblr.conf.Rd:78-80: Lost braces in \itemize; meant \describe ? checkRd: (-1) wblr.conf.Rd:86-87: Lost braces in \itemize; meant \describe ? checkRd: (-1) wblr.conf.Rd:88-89: Lost braces in \itemize; meant \describe ? checkRd: (-1) wblr.conf.Rd:90-91: Lost braces in \itemize; meant \describe ? Flavors: r-devel-linux-x86_64-debian-clang, r-devel-linux-x86_64-debian-gcc, r-devel-linux-x86_64-fedora-clang, r-devel-linux-x86_64-fedora-gcc