CRAN Package Check Results for Package XNomial

Last updated on 2021-11-29 19:51:50 CET.

Flavor Version Tinstall Tcheck Ttotal Status Flags
r-devel-linux-x86_64-debian-clang 1.0.4 3.01 26.70 29.71 OK
r-devel-linux-x86_64-debian-gcc 1.0.4 1.88 20.79 22.67 OK
r-devel-linux-x86_64-fedora-clang 1.0.4 47.94 NOTE
r-devel-linux-x86_64-fedora-gcc 1.0.4 37.21 NOTE
r-devel-windows-x86_64-new-UL 1.0.4 9.00 68.00 77.00 OK
r-devel-windows-x86_64-new-TK 1.0.4 OK
r-devel-windows-x86_64-old 1.0.4 6.00 38.00 44.00 OK
r-patched-linux-x86_64 1.0.4 2.88 22.52 25.40 OK
r-patched-solaris-x86 1.0.4 52.80 OK
r-release-linux-x86_64 1.0.4 2.70 22.58 25.28 OK
r-release-macos-arm64 1.0.4 OK
r-release-macos-x86_64 1.0.4 OK
r-release-windows-ix86+x86_64 1.0.4 8.00 48.00 56.00 OK
r-oldrel-macos-x86_64 1.0.4 OK
r-oldrel-windows-ix86+x86_64 1.0.4 7.00 45.00 52.00 OK

Check Details

Version: 1.0.4
Check: compiled code
Result: NOTE
    File ‘XNomial/libs/XNomial.so’:
     Found no calls to: ‘R_registerRoutines’, ‘R_useDynamicSymbols’
    
    It is good practice to register native routines and to disable symbol
    search.
    
    See ‘Writing portable packages’ in the ‘Writing R Extensions’ manual.
Flavors: r-devel-linux-x86_64-fedora-clang, r-devel-linux-x86_64-fedora-gcc