CRAN Package Check Results for Package Xplortext

Last updated on 2021-12-01 19:51:54 CET.

Flavor Version Tinstall Tcheck Ttotal Status Flags
r-devel-linux-x86_64-debian-clang 1.4.1 19.04 128.02 147.06 OK
r-devel-linux-x86_64-debian-gcc 1.4.1 16.61 91.54 108.15 OK
r-devel-linux-x86_64-fedora-clang 1.4.1 185.69 NOTE
r-devel-linux-x86_64-fedora-gcc 1.4.1 168.68 NOTE
r-devel-windows-x86_64-new-UL 1.4.1 36.00 163.00 199.00 OK
r-devel-windows-x86_64-new-TK 1.4.1 NOTE
r-devel-windows-x86_64-old 1.4.1 32.00 117.00 149.00 OK
r-patched-linux-x86_64 1.4.1 19.08 118.70 137.78 OK
r-patched-solaris-x86 1.4.1 224.80 NOTE
r-release-linux-x86_64 1.4.1 17.89 119.32 137.21 OK
r-release-macos-arm64 1.4.1 NOTE
r-release-macos-x86_64 1.4.1 NOTE
r-release-windows-ix86+x86_64 1.4.1 37.00 110.00 147.00 OK
r-oldrel-macos-x86_64 1.4.1 NOTE
r-oldrel-windows-ix86+x86_64 1.4.1 27.00 109.00 136.00 OK

Check Details

Version: 1.4.1
Check: dependencies in R code
Result: NOTE
    Namespace in Imports field not imported from: ‘ggdendro’
     All declared Imports should be used.
Flavors: r-devel-linux-x86_64-fedora-clang, r-devel-linux-x86_64-fedora-gcc, r-devel-windows-x86_64-new-TK, r-patched-solaris-x86, r-release-macos-arm64, r-release-macos-x86_64, r-oldrel-macos-x86_64