CRAN Package Check Results for Package YRmisc

Last updated on 2021-11-29 19:51:50 CET.

Flavor Version Tinstall Tcheck Ttotal Status Flags
r-devel-linux-x86_64-debian-clang 0.1.6 5.89 69.70 75.59 NOTE
r-devel-linux-x86_64-debian-gcc 0.1.6 4.53 52.00 56.53 NOTE
r-devel-linux-x86_64-fedora-clang 0.1.6 101.75 NOTE
r-devel-linux-x86_64-fedora-gcc 0.1.6 87.05 NOTE
r-devel-windows-x86_64-new-UL 0.1.6 21.00 128.00 149.00 NOTE
r-devel-windows-x86_64-new-TK 0.1.6 NOTE
r-devel-windows-x86_64-old 0.1.6 11.00 79.00 90.00 ERROR
r-patched-linux-x86_64 0.1.6 6.28 63.89 70.17 NOTE
r-patched-solaris-x86 0.1.6 114.50 NOTE
r-release-linux-x86_64 0.1.6 5.10 64.84 69.94 NOTE
r-release-macos-arm64 0.1.6 NOTE
r-release-macos-x86_64 0.1.6 NOTE
r-release-windows-ix86+x86_64 0.1.6 16.00 81.00 97.00 ERROR
r-oldrel-macos-x86_64 0.1.6 OK
r-oldrel-windows-ix86+x86_64 0.1.6 11.00 80.00 91.00 ERROR

Check Details

Version: 0.1.6
Check: LazyData
Result: NOTE
     'LazyData' is specified without a 'data' directory
Flavors: r-devel-linux-x86_64-debian-clang, r-devel-linux-x86_64-debian-gcc, r-devel-linux-x86_64-fedora-clang, r-devel-linux-x86_64-fedora-gcc, r-devel-windows-x86_64-new-UL, r-devel-windows-x86_64-new-TK, r-devel-windows-x86_64-old, r-patched-linux-x86_64, r-patched-solaris-x86, r-release-linux-x86_64, r-release-macos-arm64, r-release-macos-x86_64, r-release-windows-ix86+x86_64

Version: 0.1.6
Check: examples
Result: ERROR
    Running examples in 'YRmisc-Ex.R' failed
    The error most likely occurred in:
    
    > ### Name: xd.fred
    > ### Title: Download data from Federal Reserve Bank of St. Louis
    > ### Aliases: xd.fred
    >
    > ### ** Examples
    >
    > cpi <- xd.fred("CPIAUCSL") # CPI data
    Warning in file(file, "rt") :
     URL 'https://fred.stlouisfed.org/graph/fredgraph.csv?chart_type=line&recession_bars=on&log_scales=&bgcolor=%23e1e9f0&graph_bgcolor=%23ffffff&fo=Open+Sans&ts=12&tts=12&txtcolor=%23444444&show_legend=yes&show_axis_titles=yes&drp=0&cosd=1900-01-01&coed=2018-01-01&height=450&stacking=&range=&mode=fred&id=CPIAUCSL&transformation=lin&nd=1947-01-01&ost=-99999&oet=99999&lsv=&lev=&mma=0&fml=a&fgst=lin&fgsnd=2009-06-01&fq=Monthly&fam=avg&vintage_date=&revision_date=&line_color=%234572a7&line_style=solid&lw=2&scale=left&mark_type=none&mw=2&width=1168': status was 'SSL connect error'
    Error in file(file, "rt") :
     cannot open the connection to 'https://fred.stlouisfed.org/graph/fredgraph.csv?chart_type=line&recession_bars=on&log_scales=&bgcolor=%23e1e9f0&graph_bgcolor=%23ffffff&fo=Open+Sans&ts=12&tts=12&txtcolor=%23444444&show_legend=yes&show_axis_titles=yes&drp=0&cosd=1900-01-01&coed=2018-01-01&height=450&stacking=&range=&mode=fred&id=CPIAUCSL&transformation=lin&nd=1947-01-01&ost=-99999&oet=99999&lsv=&lev=&mma=0&fml=a&fgst=lin&fgsnd=2009-06-01&fq=Monthly&fam=avg&vintage_date=&revision_date=&line_color=%234572a7&line_style=solid&lw=2&scale=left&mark_type=none&mw=2&width=1168'
    Calls: xd.fred -> read.csv -> read.table -> file
    Execution halted
Flavor: r-devel-windows-x86_64-old

Version: 0.1.6
Check: examples
Result: ERROR
    Running examples in 'YRmisc-Ex.R' failed
    The error most likely occurred in:
    
    > ### Name: xd.fred
    > ### Title: Download data from Federal Reserve Bank of St. Louis
    > ### Aliases: xd.fred
    >
    > ### ** Examples
    >
    > cpi <- xd.fred("CPIAUCSL") # CPI data
    Warning in file(file, "rt") :
     InternetOpenUrl failed: 'Die Serververbindung konnte nicht hergestellt werden.'
    Error in file(file, "rt") : cannot open the connection
    Calls: xd.fred -> read.csv -> read.table -> file
    Execution halted
Flavors: r-release-windows-ix86+x86_64, r-oldrel-windows-ix86+x86_64