CRAN Package Check Results for Package ZVCV

Last updated on 2024-02-28 19:49:53 CET.

Flavor Version Tinstall Tcheck Ttotal Status Flags
r-devel-linux-x86_64-debian-clang 2.1.2 131.21 109.49 240.70 OK
r-devel-linux-x86_64-debian-gcc 2.1.2 106.94 81.36 188.30 OK
r-devel-linux-x86_64-fedora-clang 2.1.2 317.01 OK
r-devel-linux-x86_64-fedora-gcc 2.1.2 339.03 OK
r-devel-windows-x86_64 2.1.2 91.00 112.00 203.00 OK
r-patched-linux-x86_64 2.1.2 133.30 105.84 239.14 OK
r-release-linux-x86_64 2.1.2 121.16 106.33 227.49 OK
r-release-macos-arm64 2.1.2 89.00 NOTE
r-release-macos-x86_64 2.1.2 143.00 NOTE
r-release-windows-x86_64 2.1.2 113.00 144.00 257.00 OK
r-oldrel-macos-arm64 2.1.2 93.00 NOTE
r-oldrel-windows-x86_64 2.1.2 111.00 133.00 244.00 OK

Check Details

Version: 2.1.2
Check: installed package size
Result: NOTE installed size is 10.6Mb sub-directories of 1Mb or more: libs 10.3Mb Flavors: r-release-macos-arm64, r-release-macos-x86_64, r-oldrel-macos-arm64

Version: 2.1.2
Check: package dependencies
Result: NOTE Package suggested but not available for checking: ‘partitions’ Flavor: r-release-macos-x86_64