CRAN Package Check Results for Package ZVCV

Last updated on 2021-03-07 19:49:13 CET.

Flavor Version Tinstall Tcheck Ttotal Status Flags
r-devel-linux-x86_64-debian-clang 2.1.0 128.80 98.28 227.08 OK
r-devel-linux-x86_64-debian-gcc 2.1.0 89.61 73.34 162.95 OK
r-devel-linux-x86_64-fedora-clang 2.1.0 309.85 NOTE
r-devel-linux-x86_64-fedora-gcc 2.1.0 288.41 OK
r-devel-windows-ix86+x86_64 2.1.0 271.00 171.00 442.00 OK
r-devel-windows-x86_64-gcc10-UCRT 2.1.0 OK
r-patched-linux-x86_64 2.1.0 100.78 90.28 191.06 OK
r-patched-solaris-x86 2.1.0 293.90 OK
r-release-linux-x86_64 2.1.0 99.61 90.39 190.00 OK
r-release-macos-x86_64 2.1.0 NOTE
r-release-windows-ix86+x86_64 2.1.0 213.00 129.00 342.00 OK
r-oldrel-macos-x86_64 2.1.0 NOTE
r-oldrel-windows-ix86+x86_64 2.1.0 189.00 115.00 304.00 OK

Check Details

Version: 2.1.0
Check: installed package size
Result: NOTE
     installed size is 11.7Mb
     sub-directories of 1Mb or more:
     libs 11.4Mb
Flavors: r-devel-linux-x86_64-fedora-clang, r-release-macos-x86_64, r-oldrel-macos-x86_64