Last updated on 2023-02-06 19:54:13 CET.
Flavor | Version | Tinstall | Tcheck | Ttotal | Status | Flags |
---|---|---|---|---|---|---|
r-devel-linux-x86_64-debian-clang | 1.0 | 65.55 | 32.73 | 98.28 | OK | |
r-devel-linux-x86_64-debian-gcc | 1.0 | 52.82 | 24.67 | 77.49 | OK | |
r-devel-linux-x86_64-fedora-clang | 1.0 | 143.44 | OK | |||
r-devel-linux-x86_64-fedora-gcc | 1.0 | 129.45 | OK | |||
r-devel-windows-x86_64 | 1.0 | 101.00 | 85.00 | 186.00 | NOTE | |
r-patched-linux-x86_64 | 1.0 | 56.52 | 30.95 | 87.47 | OK | |
r-release-linux-x86_64 | 1.0 | 53.21 | 30.16 | 83.37 | OK | |
r-release-macos-arm64 | 1.0 | 36.00 | OK | |||
r-release-macos-x86_64 | 1.0 | 52.00 | OK | |||
r-release-windows-x86_64 | 1.0 | 61.00 | 88.00 | 149.00 | OK | |
r-oldrel-macos-arm64 | 1.0 | 44.00 | OK | |||
r-oldrel-macos-x86_64 | 1.0 | 76.00 | OK | |||
r-oldrel-windows-ix86+x86_64 | 1.0 | 151.00 | 84.00 | 235.00 | OK |
Version: 1.0
Check: C++ specification
Result: NOTE
Specified C++11: please update to current default of C++17
Flavor: r-devel-windows-x86_64