CRAN Package Check Results for Package abclass

Last updated on 2024-02-22 19:55:25 CET.

Flavor Version Tinstall Tcheck Ttotal Status Flags
r-devel-linux-x86_64-debian-clang 0.4.0 NOTE
r-devel-linux-x86_64-debian-gcc 0.4.0 488.15 32.57 520.72 NOTE
r-devel-linux-x86_64-fedora-clang 0.4.0 937.19 NOTE
r-devel-linux-x86_64-fedora-gcc 0.4.0 1039.72 NOTE
r-devel-windows-x86_64 0.4.0 409.00 89.00 498.00 NOTE
r-patched-linux-x86_64 0.4.0 570.85 42.27 613.12 NOTE
r-release-linux-x86_64 0.4.0 553.80 41.78 595.58 NOTE
r-release-macos-arm64 0.4.0 226.00 NOTE
r-release-macos-x86_64 0.4.0 408.00 NOTE
r-release-windows-x86_64 0.4.0 526.00 102.00 628.00 NOTE
r-oldrel-macos-arm64 0.4.0 243.00 NOTE
r-oldrel-windows-x86_64 0.4.0 504.00 96.00 600.00 OK

Check Details

Version: 0.4.0
Check: C++ specification
Result: NOTE Specified C++11: please drop specification unless essential Flavors: r-devel-linux-x86_64-debian-clang, r-devel-linux-x86_64-debian-gcc, r-devel-linux-x86_64-fedora-clang, r-devel-linux-x86_64-fedora-gcc, r-devel-windows-x86_64, r-patched-linux-x86_64, r-release-linux-x86_64, r-release-macos-arm64, r-release-macos-x86_64, r-release-windows-x86_64

Version: 0.4.0
Check: Rd files
Result: NOTE checkRd: (-1) abclass.Rd:133: Lost braces; missing escapes or markup? 133 | \code{abclass.control()} returns an object of class {abclass.control} | ^ checkRd: (-1) supclass.Rd:109: Lost braces; missing escapes or markup? 109 | to solve the equivalent linear programming problem via the package {Rglpk}. | ^ checkRd: (-1) supclass.Rd:110: Lost braces; missing escapes or markup? 110 | It is recommended to use a recent version of {GLPK}. | ^ Flavors: r-devel-linux-x86_64-debian-clang, r-devel-linux-x86_64-debian-gcc, r-devel-linux-x86_64-fedora-clang, r-devel-linux-x86_64-fedora-gcc

Version: 0.4.0
Check: installed package size
Result: NOTE installed size is 31.1Mb sub-directories of 1Mb or more: libs 30.7Mb Flavors: r-release-macos-arm64, r-release-macos-x86_64, r-oldrel-macos-arm64