CRAN Package Check Results for Package abcrf

Last updated on 2022-01-15 19:59:51 CET.

Flavor Version Tinstall Tcheck Ttotal Status Flags
r-devel-linux-x86_64-debian-clang 1.8.1 78.13 96.55 174.68 OK
r-devel-linux-x86_64-debian-gcc 1.8.1 59.08 72.62 131.70 OK
r-devel-linux-x86_64-fedora-clang 1.8.1 243.85 NOTE
r-devel-linux-x86_64-fedora-gcc 1.8.1 214.20 OK
r-devel-windows-x86_64-new-UL 1.8.1 77.00 138.00 215.00 OK
r-devel-windows-x86_64-new-TK 1.8.1 OK
r-patched-linux-x86_64 1.8.1 75.61 91.51 167.12 OK
r-release-linux-x86_64 1.8.1 63.88 92.20 156.08 OK
r-release-macos-arm64 1.8.1 NOTE
r-release-macos-x86_64 1.8.1 NOTE
r-release-windows-ix86+x86_64 1.8.1 186.00 159.00 345.00 NOTE
r-oldrel-macos-x86_64 1.8.1 NOTE
r-oldrel-windows-ix86+x86_64 1.8.1 185.00 167.00 352.00 NOTE

Check Details

Version: 1.8.1
Check: installed package size
Result: NOTE
     installed size is 5.1Mb
     sub-directories of 1Mb or more:
     data 2.6Mb
     libs 2.3Mb
Flavors: r-devel-linux-x86_64-fedora-clang, r-release-macos-arm64, r-release-macos-x86_64, r-release-windows-ix86+x86_64, r-oldrel-macos-x86_64, r-oldrel-windows-ix86+x86_64