CRAN Package Check Results for Package abess

Last updated on 2021-12-04 19:52:46 CET.

Flavor Version Tinstall Tcheck Ttotal Status Flags
r-devel-linux-x86_64-debian-clang 0.3.0 236.98 88.14 325.12 OK
r-devel-linux-x86_64-debian-gcc 0.3.0 167.45 74.10 241.55 OK
r-devel-linux-x86_64-fedora-clang 0.3.0 474.83 NOTE
r-devel-linux-x86_64-fedora-gcc 0.3.0 446.32 OK
r-devel-windows-x86_64-new-UL 0.3.0 203.00 182.00 385.00 OK
r-devel-windows-x86_64-new-TK 0.3.0 OK
r-devel-windows-x86_64-old 0.3.0 220.00 120.00 340.00 OK
r-patched-linux-x86_64 0.3.0 205.59 82.88 288.47 OK
r-release-linux-x86_64 0.3.0 198.60 83.50 282.10 OK
r-release-macos-arm64 0.3.0 NOTE
r-release-macos-x86_64 0.3.0 NOTE
r-release-windows-ix86+x86_64 0.3.0 438.00 166.00 604.00 OK
r-oldrel-macos-x86_64 0.3.0 NOTE
r-oldrel-windows-ix86+x86_64 0.3.0 422.00 151.00 573.00 OK

Check Details

Version: 0.3.0
Check: installed package size
Result: NOTE
     installed size is 72.0Mb
     sub-directories of 1Mb or more:
     libs 71.1Mb
Flavors: r-devel-linux-x86_64-fedora-clang, r-release-macos-arm64, r-release-macos-x86_64, r-oldrel-macos-x86_64