Last updated on 2023-01-27 19:49:25 CET.
Flavor | Version | Tinstall | Tcheck | Ttotal | Status | Flags |
---|---|---|---|---|---|---|
r-devel-linux-x86_64-debian-clang | 1.0.0 | 6.76 | 76.09 | 82.85 | OK | |
r-devel-linux-x86_64-debian-gcc | 1.0.0 | 5.76 | 54.59 | 60.35 | OK | |
r-devel-linux-x86_64-fedora-clang | 1.0.0 | 105.65 | OK | |||
r-devel-linux-x86_64-fedora-gcc | 1.0.0 | 103.13 | OK | |||
r-devel-windows-x86_64 | 1.0.0 | 28.00 | 109.00 | 137.00 | OK | |
r-patched-linux-x86_64 | 1.0.0 | 7.37 | 70.84 | 78.21 | OK | |
r-release-linux-x86_64 | 1.0.0 | 6.16 | 71.55 | 77.71 | OK | |
r-release-macos-arm64 | 1.0.0 | 38.00 | OK | |||
r-release-macos-x86_64 | 1.0.0 | 53.00 | NOTE | |||
r-release-windows-x86_64 | 1.0.0 | 25.00 | 110.00 | 135.00 | OK | |
r-oldrel-macos-arm64 | 1.0.0 | 34.00 | OK | |||
r-oldrel-macos-x86_64 | 1.0.0 | 49.00 | OK | |||
r-oldrel-windows-ix86+x86_64 | 1.0.0 | 19.00 | 97.00 | 116.00 | OK |
Version: 1.0.0
Check: package dependencies
Result: NOTE
Package suggested but not available for checking: ‘testthat’
Flavor: r-release-macos-x86_64