CRAN Package Check Results for Package acebayes

Last updated on 2024-02-22 19:55:25 CET.

Flavor Version Tinstall Tcheck Ttotal Status Flags
r-devel-linux-x86_64-debian-clang 1.10 NOTE
r-devel-linux-x86_64-debian-gcc 1.10 24.46 48.83 73.29 NOTE
r-devel-linux-x86_64-fedora-clang 1.10 147.99 NOTE
r-devel-linux-x86_64-fedora-gcc 1.10 137.33 NOTE
r-devel-windows-x86_64 1.10 30.00 93.00 123.00 NOTE
r-patched-linux-x86_64 1.10 36.17 62.96 99.13 NOTE
r-release-linux-x86_64 1.10 33.65 63.18 96.83 NOTE
r-release-macos-arm64 1.10 41.00 NOTE
r-release-macos-x86_64 1.10 65.00 NOTE
r-release-windows-x86_64 1.10 38.00 105.00 143.00 NOTE
r-oldrel-macos-arm64 1.10 39.00 OK
r-oldrel-windows-x86_64 1.10 34.00 105.00 139.00 OK

Check Details

Version: 1.10
Check: C++ specification
Result: NOTE Specified C++11: please drop specification unless essential Flavors: r-devel-linux-x86_64-debian-clang, r-devel-linux-x86_64-debian-gcc, r-devel-linux-x86_64-fedora-clang, r-devel-linux-x86_64-fedora-gcc, r-devel-windows-x86_64, r-patched-linux-x86_64, r-release-linux-x86_64, r-release-macos-arm64, r-release-macos-x86_64, r-release-windows-x86_64

Version: 1.10
Check: Rd files
Result: NOTE checkRd: (-1) overstallwoods.Rd:184-185: Lost braces in \itemize; \value handles \item{}{} directly checkRd: (-1) overstallwoods.Rd:186-187: Lost braces in \itemize; \value handles \item{}{} directly checkRd: (-1) overstallwoods.Rd:188-189: Lost braces in \itemize; \value handles \item{}{} directly checkRd: (-1) overstallwoods.Rd:190-191: Lost braces in \itemize; \value handles \item{}{} directly Flavors: r-devel-linux-x86_64-debian-clang, r-devel-linux-x86_64-debian-gcc, r-devel-linux-x86_64-fedora-clang, r-devel-linux-x86_64-fedora-gcc