CRAN Package Check Results for Package acfMPeriod

Last updated on 2021-11-30 19:51:15 CET.

Flavor Version Tinstall Tcheck Ttotal Status Flags
r-devel-linux-x86_64-debian-clang 1.0.0 2.28 25.85 28.13 NOTE
r-devel-linux-x86_64-debian-gcc 1.0.0 2.14 20.13 22.27 NOTE
r-devel-linux-x86_64-fedora-clang 1.0.0 46.79 NOTE
r-devel-linux-x86_64-fedora-gcc 1.0.0 35.42 NOTE
r-devel-windows-x86_64-new-UL 1.0.0 7.00 59.00 66.00 NOTE
r-devel-windows-x86_64-new-TK 1.0.0 NOTE
r-devel-windows-x86_64-old 1.0.0 5.00 31.00 36.00 NOTE
r-patched-linux-x86_64 1.0.0 2.21 24.89 27.10 NOTE
r-patched-solaris-x86 1.0.0 51.70 NOTE
r-release-linux-x86_64 1.0.0 2.56 24.80 27.36 NOTE
r-release-macos-arm64 1.0.0 NOTE
r-release-macos-x86_64 1.0.0 NOTE
r-release-windows-ix86+x86_64 1.0.0 6.00 34.00 40.00 NOTE
r-oldrel-macos-x86_64 1.0.0 OK
r-oldrel-windows-ix86+x86_64 1.0.0 5.00 38.00 43.00 OK

Check Details

Version: 1.0.0
Check: LazyData
Result: NOTE
     'LazyData' is specified without a 'data' directory
Flavors: r-devel-linux-x86_64-debian-clang, r-devel-linux-x86_64-debian-gcc, r-devel-linux-x86_64-fedora-clang, r-devel-linux-x86_64-fedora-gcc, r-devel-windows-x86_64-new-UL, r-devel-windows-x86_64-new-TK, r-devel-windows-x86_64-old, r-patched-linux-x86_64, r-patched-solaris-x86, r-release-linux-x86_64, r-release-macos-arm64, r-release-macos-x86_64, r-release-windows-ix86+x86_64