CRAN Package Check Results for Package acrt

Last updated on 2021-05-17 21:49:25 CEST.

Flavor Version Tinstall Tcheck Ttotal Status Flags
r-devel-linux-x86_64-debian-clang 1.0.1 74.93 31.88 106.81 OK
r-devel-linux-x86_64-debian-gcc 1.0.1 43.24 26.17 69.41 OK
r-devel-linux-x86_64-fedora-clang 1.0.1 151.61 NOTE
r-devel-linux-x86_64-fedora-gcc 1.0.1 124.71 NOTE
r-devel-windows-ix86+x86_64 1.0.1 158.00 67.00 225.00 OK
r-devel-windows-x86_64-gcc10-UCRT 1.0.1 OK
r-patched-linux-x86_64 1.0.1 56.88 33.03 89.91 OK
r-patched-solaris-x86 1.0.1 126.30 OK
r-release-linux-x86_64 1.0.1 55.03 31.66 86.69 OK
r-release-macos-x86_64 1.0.1 NOTE
r-release-windows-ix86+x86_64 1.0.1 109.00 66.00 175.00 OK
r-oldrel-macos-x86_64 1.0.1 NOTE
r-oldrel-windows-ix86+x86_64 1.0.1 101.00 71.00 172.00 OK

Check Details

Version: 1.0.1
Check: installed package size
Result: NOTE
     installed size is 6.9Mb
     sub-directories of 1Mb or more:
     libs 6.7Mb
Flavors: r-devel-linux-x86_64-fedora-clang, r-release-macos-x86_64, r-oldrel-macos-x86_64

Version: 1.0.1
Check: compiled code
Result: NOTE
    File ‘acrt/libs/acrt.so’:
     Found no calls to: ‘R_registerRoutines’, ‘R_useDynamicSymbols’
    
    It is good practice to register native routines and to disable symbol
    search.
    
    See ‘Writing portable packages’ in the ‘Writing R Extensions’ manual.
Flavors: r-devel-linux-x86_64-fedora-clang, r-devel-linux-x86_64-fedora-gcc